{"id":2400,"date":"2023-09-15T11:52:18","date_gmt":"2023-09-15T09:52:18","guid":{"rendered":"https:\/\/gtselbe.hamburg.de\/?page_id=2400"},"modified":"2024-02-06T08:12:42","modified_gmt":"2024-02-06T07:12:42","slug":"schul-alltag-29-08-2023-einschulung","status":"publish","type":"page","link":"https:\/\/gtselbe.hamburg.de\/?page_id=2400","title":{"rendered":"Schul-Alltag: 29.08.2023 &#8211; Einschulung"},"content":{"rendered":"<p>Am 29.8.23 fand die Einschulung statt. In der Turnhalle gab es keinen freien Platz mehr und einige mussten stehen. Die beiden 4. Klassen haben ein selbstgeschriebenes St\u00fcck aufgef\u00fchrt, in welchem eine Schult\u00fcte die Hauptrolle spielt. Im Anschluss an diese tolle Vorf\u00fchrung wurden die neuen Sch\u00fclerinnen und Sch\u00fcler von ihren Klassenlehrerinnen mit Sonnenblumen begr\u00fc\u00dft und erlebten aufgeregt ihre erste Schulstunde.<\/p>\n<p><img loading=\"lazy\" decoding=\"async\" class=\"alignnone size-large wp-image-2401\" src=\"https:\/\/gtselbe.hamburg.de\/wp-content\/uploads\/sites\/13\/2023\/09\/47F89674-EC7F-4F06-8A0F-4E4B0ABAAA18-1024x768.jpeg\" alt=\"\" width=\"525\" height=\"394\" srcset=\"https:\/\/gtselbe.hamburg.de\/wp-content\/uploads\/sites\/13\/2023\/09\/47F89674-EC7F-4F06-8A0F-4E4B0ABAAA18-1024x768.jpeg 1024w, https:\/\/gtselbe.hamburg.de\/wp-content\/uploads\/sites\/13\/2023\/09\/47F89674-EC7F-4F06-8A0F-4E4B0ABAAA18-300x225.jpeg 300w, https:\/\/gtselbe.hamburg.de\/wp-content\/uploads\/sites\/13\/2023\/09\/47F89674-EC7F-4F06-8A0F-4E4B0ABAAA18-768x576.jpeg 768w, https:\/\/gtselbe.hamburg.de\/wp-content\/uploads\/sites\/13\/2023\/09\/47F89674-EC7F-4F06-8A0F-4E4B0ABAAA18-1536x1152.jpeg 1536w, https:\/\/gtselbe.hamburg.de\/wp-content\/uploads\/sites\/13\/2023\/09\/47F89674-EC7F-4F06-8A0F-4E4B0ABAAA18.jpeg 2048w\" sizes=\"auto, (max-width: 525px) 100vw, 525px\" \/> <img loading=\"lazy\" decoding=\"async\" class=\"alignnone size-large wp-image-2402\" src=\"https:\/\/gtselbe.hamburg.de\/wp-content\/uploads\/sites\/13\/2023\/09\/89D71D4F-9A30-4336-AFFB-FB85EC0B1851-1024x768.jpeg\" alt=\"\" width=\"525\" height=\"394\" srcset=\"https:\/\/gtselbe.hamburg.de\/wp-content\/uploads\/sites\/13\/2023\/09\/89D71D4F-9A30-4336-AFFB-FB85EC0B1851-1024x768.jpeg 1024w, https:\/\/gtselbe.hamburg.de\/wp-content\/uploads\/sites\/13\/2023\/09\/89D71D4F-9A30-4336-AFFB-FB85EC0B1851-300x225.jpeg 300w, https:\/\/gtselbe.hamburg.de\/wp-content\/uploads\/sites\/13\/2023\/09\/89D71D4F-9A30-4336-AFFB-FB85EC0B1851-768x576.jpeg 768w, https:\/\/gtselbe.hamburg.de\/wp-content\/uploads\/sites\/13\/2023\/09\/89D71D4F-9A30-4336-AFFB-FB85EC0B1851-1536x1152.jpeg 1536w, https:\/\/gtselbe.hamburg.de\/wp-content\/uploads\/sites\/13\/2023\/09\/89D71D4F-9A30-4336-AFFB-FB85EC0B1851.jpeg 2048w\" sizes=\"auto, (max-width: 525px) 100vw, 525px\" \/> <img loading=\"lazy\" decoding=\"async\" class=\"alignnone size-large wp-image-2403\" src=\"https:\/\/gtselbe.hamburg.de\/wp-content\/uploads\/sites\/13\/2023\/09\/533EA834-5015-4F62-8C5C-5FED1AD589D6-1024x768.jpeg\" alt=\"\" width=\"525\" height=\"394\" srcset=\"https:\/\/gtselbe.hamburg.de\/wp-content\/uploads\/sites\/13\/2023\/09\/533EA834-5015-4F62-8C5C-5FED1AD589D6-1024x768.jpeg 1024w, https:\/\/gtselbe.hamburg.de\/wp-content\/uploads\/sites\/13\/2023\/09\/533EA834-5015-4F62-8C5C-5FED1AD589D6-300x225.jpeg 300w, https:\/\/gtselbe.hamburg.de\/wp-content\/uploads\/sites\/13\/2023\/09\/533EA834-5015-4F62-8C5C-5FED1AD589D6-768x576.jpeg 768w, https:\/\/gtselbe.hamburg.de\/wp-content\/uploads\/sites\/13\/2023\/09\/533EA834-5015-4F62-8C5C-5FED1AD589D6-1536x1152.jpeg 1536w, https:\/\/gtselbe.hamburg.de\/wp-content\/uploads\/sites\/13\/2023\/09\/533EA834-5015-4F62-8C5C-5FED1AD589D6.jpeg 2048w\" sizes=\"auto, (max-width: 525px) 100vw, 525px\" \/> <img loading=\"lazy\" decoding=\"async\" class=\"alignnone size-large wp-image-2404\" src=\"https:\/\/gtselbe.hamburg.de\/wp-content\/uploads\/sites\/13\/2023\/09\/4864A797-777E-4D72-B52C-0A016B7075D5-768x1024.jpeg\" alt=\"\" width=\"525\" height=\"700\" srcset=\"https:\/\/gtselbe.hamburg.de\/wp-content\/uploads\/sites\/13\/2023\/09\/4864A797-777E-4D72-B52C-0A016B7075D5-768x1024.jpeg 768w, https:\/\/gtselbe.hamburg.de\/wp-content\/uploads\/sites\/13\/2023\/09\/4864A797-777E-4D72-B52C-0A016B7075D5-225x300.jpeg 225w, https:\/\/gtselbe.hamburg.de\/wp-content\/uploads\/sites\/13\/2023\/09\/4864A797-777E-4D72-B52C-0A016B7075D5-1152x1536.jpeg 1152w, https:\/\/gtselbe.hamburg.de\/wp-content\/uploads\/sites\/13\/2023\/09\/4864A797-777E-4D72-B52C-0A016B7075D5.jpeg 1536w\" sizes=\"auto, (max-width: 525px) 100vw, 525px\" \/> <img loading=\"lazy\" decoding=\"async\" class=\"alignnone size-large wp-image-2405\" src=\"https:\/\/gtselbe.hamburg.de\/wp-content\/uploads\/sites\/13\/2023\/09\/72157ED5-2014-4DCF-8BBD-5CFEB81DD7D5-1024x768.jpeg\" alt=\"\" width=\"525\" height=\"394\" srcset=\"https:\/\/gtselbe.hamburg.de\/wp-content\/uploads\/sites\/13\/2023\/09\/72157ED5-2014-4DCF-8BBD-5CFEB81DD7D5-1024x768.jpeg 1024w, https:\/\/gtselbe.hamburg.de\/wp-content\/uploads\/sites\/13\/2023\/09\/72157ED5-2014-4DCF-8BBD-5CFEB81DD7D5-300x225.jpeg 300w, https:\/\/gtselbe.hamburg.de\/wp-content\/uploads\/sites\/13\/2023\/09\/72157ED5-2014-4DCF-8BBD-5CFEB81DD7D5-768x576.jpeg 768w, https:\/\/gtselbe.hamburg.de\/wp-content\/uploads\/sites\/13\/2023\/09\/72157ED5-2014-4DCF-8BBD-5CFEB81DD7D5-1536x1152.jpeg 1536w, https:\/\/gtselbe.hamburg.de\/wp-content\/uploads\/sites\/13\/2023\/09\/72157ED5-2014-4DCF-8BBD-5CFEB81DD7D5.jpeg 2048w\" sizes=\"auto, (max-width: 525px) 100vw, 525px\" \/> \u00a0<img loading=\"lazy\" decoding=\"async\" class=\"alignnone size-large wp-image-2407\" src=\"https:\/\/gtselbe.hamburg.de\/wp-content\/uploads\/sites\/13\/2023\/09\/C5B96333-475C-41F5-B321-0B65AF77DC8C-768x1024.jpeg\" alt=\"\" width=\"525\" height=\"700\" srcset=\"https:\/\/gtselbe.hamburg.de\/wp-content\/uploads\/sites\/13\/2023\/09\/C5B96333-475C-41F5-B321-0B65AF77DC8C-768x1024.jpeg 768w, https:\/\/gtselbe.hamburg.de\/wp-content\/uploads\/sites\/13\/2023\/09\/C5B96333-475C-41F5-B321-0B65AF77DC8C-225x300.jpeg 225w, https:\/\/gtselbe.hamburg.de\/wp-content\/uploads\/sites\/13\/2023\/09\/C5B96333-475C-41F5-B321-0B65AF77DC8C-1152x1536.jpeg 1152w, https:\/\/gtselbe.hamburg.de\/wp-content\/uploads\/sites\/13\/2023\/09\/C5B96333-475C-41F5-B321-0B65AF77DC8C.jpeg 1536w\" sizes=\"auto, (max-width: 525px) 100vw, 525px\" \/> \u00a0<img loading=\"lazy\" decoding=\"async\" class=\"alignnone size-large wp-image-2409\" src=\"https:\/\/gtselbe.hamburg.de\/wp-content\/uploads\/sites\/13\/2023\/09\/2E73278A-9ABB-42C6-985C-6E0DAC1304A2-768x1024.jpeg\" alt=\"\" width=\"525\" height=\"700\" srcset=\"https:\/\/gtselbe.hamburg.de\/wp-content\/uploads\/sites\/13\/2023\/09\/2E73278A-9ABB-42C6-985C-6E0DAC1304A2-768x1024.jpeg 768w, https:\/\/gtselbe.hamburg.de\/wp-content\/uploads\/sites\/13\/2023\/09\/2E73278A-9ABB-42C6-985C-6E0DAC1304A2-225x300.jpeg 225w, https:\/\/gtselbe.hamburg.de\/wp-content\/uploads\/sites\/13\/2023\/09\/2E73278A-9ABB-42C6-985C-6E0DAC1304A2-1152x1536.jpeg 1152w, https:\/\/gtselbe.hamburg.de\/wp-content\/uploads\/sites\/13\/2023\/09\/2E73278A-9ABB-42C6-985C-6E0DAC1304A2.jpeg 1536w\" sizes=\"auto, (max-width: 525px) 100vw, 525px\" \/> <img loading=\"lazy\" decoding=\"async\" class=\"alignnone size-large wp-image-2410\" src=\"https:\/\/gtselbe.hamburg.de\/wp-content\/uploads\/sites\/13\/2023\/09\/3D8CB1B4-8967-4CD6-9D49-FA09AB71A14F-1024x768.jpeg\" alt=\"\" width=\"525\" height=\"394\" srcset=\"https:\/\/gtselbe.hamburg.de\/wp-content\/uploads\/sites\/13\/2023\/09\/3D8CB1B4-8967-4CD6-9D49-FA09AB71A14F-1024x768.jpeg 1024w, https:\/\/gtselbe.hamburg.de\/wp-content\/uploads\/sites\/13\/2023\/09\/3D8CB1B4-8967-4CD6-9D49-FA09AB71A14F-300x225.jpeg 300w, https:\/\/gtselbe.hamburg.de\/wp-content\/uploads\/sites\/13\/2023\/09\/3D8CB1B4-8967-4CD6-9D49-FA09AB71A14F-768x576.jpeg 768w, https:\/\/gtselbe.hamburg.de\/wp-content\/uploads\/sites\/13\/2023\/09\/3D8CB1B4-8967-4CD6-9D49-FA09AB71A14F-1536x1152.jpeg 1536w, https:\/\/gtselbe.hamburg.de\/wp-content\/uploads\/sites\/13\/2023\/09\/3D8CB1B4-8967-4CD6-9D49-FA09AB71A14F.jpeg 2048w\" sizes=\"auto, (max-width: 525px) 100vw, 525px\" \/><\/p>\n","protected":false},"excerpt":{"rendered":"<p>Am 29.8.23 fand die Einschulung statt. In der Turnhalle gab es keinen freien Platz mehr und einige mussten stehen. Die beiden 4. Klassen haben ein selbstgeschriebenes St\u00fcck aufgef\u00fchrt, in welchem eine Schult\u00fcte die Hauptrolle spielt. Im Anschluss an diese tolle Vorf\u00fchrung wurden die neuen Sch\u00fclerinnen und Sch\u00fcler von ihren Klassenlehrerinnen mit Sonnenblumen begr\u00fc\u00dft und erlebten &hellip; <\/p>\n<p class=\"link-more\"><a href=\"https:\/\/gtselbe.hamburg.de\/?page_id=2400\" class=\"more-link\"><span class=\"screen-reader-text\">\u201eSchul-Alltag: 29.08.2023 &#8211; Einschulung\u201c <\/span>weiterlesen<\/a><\/p>\n","protected":false},"author":1587,"featured_media":0,"parent":0,"menu_order":0,"comment_status":"closed","ping_status":"closed","template":"","meta":{"_acf_changed":false,"footnotes":""},"class_list":["post-2400","page","type-page","status-publish","hentry"],"acf":[],"_links":{"self":[{"href":"https:\/\/gtselbe.hamburg.de\/index.php?rest_route=\/wp\/v2\/pages\/2400","targetHints":{"allow":["GET"]}}],"collection":[{"href":"https:\/\/gtselbe.hamburg.de\/index.php?rest_route=\/wp\/v2\/pages"}],"about":[{"href":"https:\/\/gtselbe.hamburg.de\/index.php?rest_route=\/wp\/v2\/types\/page"}],"author":[{"embeddable":true,"href":"https:\/\/gtselbe.hamburg.de\/index.php?rest_route=\/wp\/v2\/users\/1587"}],"replies":[{"embeddable":true,"href":"https:\/\/gtselbe.hamburg.de\/index.php?rest_route=%2Fwp%2Fv2%2Fcomments&post=2400"}],"version-history":[{"count":2,"href":"https:\/\/gtselbe.hamburg.de\/index.php?rest_route=\/wp\/v2\/pages\/2400\/revisions"}],"predecessor-version":[{"id":2689,"href":"https:\/\/gtselbe.hamburg.de\/index.php?rest_route=\/wp\/v2\/pages\/2400\/revisions\/2689"}],"wp:attachment":[{"href":"https:\/\/gtselbe.hamburg.de\/index.php?rest_route=%2Fwp%2Fv2%2Fmedia&parent=2400"}],"curies":[{"name":"wp","href":"https:\/\/api.w.org\/{rel}","templated":true}]}}