{"id":2499,"date":"2023-11-08T13:51:59","date_gmt":"2023-11-08T12:51:59","guid":{"rendered":"https:\/\/gtselbe.hamburg.de\/?page_id=2499"},"modified":"2024-02-06T08:10:14","modified_gmt":"2024-02-06T07:10:14","slug":"schul-alltag-02-11-2023-buecherhalle","status":"publish","type":"page","link":"https:\/\/gtselbe.hamburg.de\/?page_id=2499","title":{"rendered":"Schul-Alltag: 02.11.2023 &#8211; B\u00fccherhalle"},"content":{"rendered":"<p>Klasse 1a und 1b<\/p>\n<p>Am Donnerstag machten die 1. Klassen einen Ausflug in die B\u00fccherhalle Altona. Nach einer kleinen St\u00e4rkung wurde uns erkl\u00e4rt, was wir in einer B\u00fccherhalle alles machen k\u00f6nnen und was wir zu beachten haben. Nachdem auch unsere Fragen gekl\u00e4rt wurden, durften wir die B\u00fccherhalle erkunden und in tollen B\u00fcchern schm\u00f6kern.<\/p>\n<p>Am Ende wurde uns noch \u201eKeiner gruselt sich vor Gustav\u201c als Bilderbuchkino erz\u00e4hlt.<\/p>\n<p>Es hat uns so gut in der B\u00fccherhalle gefallen, dass viele Kinder nun ganz bald mit ihren Eltern wiederkommen wollen.<\/p>\n<p><img loading=\"lazy\" decoding=\"async\" class=\"alignnone size-large wp-image-2501\" src=\"https:\/\/gtselbe.hamburg.de\/wp-content\/uploads\/sites\/13\/2023\/11\/1000021784-768x1024.jpg\" alt=\"\" width=\"525\" height=\"700\" srcset=\"https:\/\/gtselbe.hamburg.de\/wp-content\/uploads\/sites\/13\/2023\/11\/1000021784-768x1024.jpg 768w, https:\/\/gtselbe.hamburg.de\/wp-content\/uploads\/sites\/13\/2023\/11\/1000021784-225x300.jpg 225w, https:\/\/gtselbe.hamburg.de\/wp-content\/uploads\/sites\/13\/2023\/11\/1000021784-1152x1536.jpg 1152w, https:\/\/gtselbe.hamburg.de\/wp-content\/uploads\/sites\/13\/2023\/11\/1000021784.jpg 1536w\" sizes=\"auto, (max-width: 525px) 100vw, 525px\" \/> <img loading=\"lazy\" decoding=\"async\" class=\"alignnone size-large wp-image-2502\" src=\"https:\/\/gtselbe.hamburg.de\/wp-content\/uploads\/sites\/13\/2023\/11\/20231102_102328-1024x768.jpg\" alt=\"\" width=\"525\" height=\"394\" srcset=\"https:\/\/gtselbe.hamburg.de\/wp-content\/uploads\/sites\/13\/2023\/11\/20231102_102328-1024x768.jpg 1024w, https:\/\/gtselbe.hamburg.de\/wp-content\/uploads\/sites\/13\/2023\/11\/20231102_102328-300x225.jpg 300w, https:\/\/gtselbe.hamburg.de\/wp-content\/uploads\/sites\/13\/2023\/11\/20231102_102328-768x576.jpg 768w, https:\/\/gtselbe.hamburg.de\/wp-content\/uploads\/sites\/13\/2023\/11\/20231102_102328-1536x1152.jpg 1536w, https:\/\/gtselbe.hamburg.de\/wp-content\/uploads\/sites\/13\/2023\/11\/20231102_102328.jpg 2048w\" sizes=\"auto, (max-width: 525px) 100vw, 525px\" \/><\/p>\n","protected":false},"excerpt":{"rendered":"<p>Klasse 1a und 1b Am Donnerstag machten die 1. Klassen einen Ausflug in die B\u00fccherhalle Altona. Nach einer kleinen St\u00e4rkung wurde uns erkl\u00e4rt, was wir in einer B\u00fccherhalle alles machen k\u00f6nnen und was wir zu beachten haben. Nachdem auch unsere Fragen gekl\u00e4rt wurden, durften wir die B\u00fccherhalle erkunden und in tollen B\u00fcchern schm\u00f6kern. Am Ende &hellip; <\/p>\n<p class=\"link-more\"><a href=\"https:\/\/gtselbe.hamburg.de\/?page_id=2499\" class=\"more-link\"><span class=\"screen-reader-text\">\u201eSchul-Alltag: 02.11.2023 &#8211; B\u00fccherhalle\u201c <\/span>weiterlesen<\/a><\/p>\n","protected":false},"author":1587,"featured_media":0,"parent":0,"menu_order":0,"comment_status":"closed","ping_status":"closed","template":"","meta":{"_acf_changed":false,"footnotes":""},"class_list":["post-2499","page","type-page","status-publish","hentry"],"acf":[],"_links":{"self":[{"href":"https:\/\/gtselbe.hamburg.de\/index.php?rest_route=\/wp\/v2\/pages\/2499","targetHints":{"allow":["GET"]}}],"collection":[{"href":"https:\/\/gtselbe.hamburg.de\/index.php?rest_route=\/wp\/v2\/pages"}],"about":[{"href":"https:\/\/gtselbe.hamburg.de\/index.php?rest_route=\/wp\/v2\/types\/page"}],"author":[{"embeddable":true,"href":"https:\/\/gtselbe.hamburg.de\/index.php?rest_route=\/wp\/v2\/users\/1587"}],"replies":[{"embeddable":true,"href":"https:\/\/gtselbe.hamburg.de\/index.php?rest_route=%2Fwp%2Fv2%2Fcomments&post=2499"}],"version-history":[{"count":2,"href":"https:\/\/gtselbe.hamburg.de\/index.php?rest_route=\/wp\/v2\/pages\/2499\/revisions"}],"predecessor-version":[{"id":2688,"href":"https:\/\/gtselbe.hamburg.de\/index.php?rest_route=\/wp\/v2\/pages\/2499\/revisions\/2688"}],"wp:attachment":[{"href":"https:\/\/gtselbe.hamburg.de\/index.php?rest_route=%2Fwp%2Fv2%2Fmedia&parent=2499"}],"curies":[{"name":"wp","href":"https:\/\/api.w.org\/{rel}","templated":true}]}}