{"id":2785,"date":"2024-03-15T10:01:08","date_gmt":"2024-03-15T09:01:08","guid":{"rendered":"https:\/\/gtselbe.hamburg.de\/?page_id=2785"},"modified":"2024-03-15T10:01:08","modified_gmt":"2024-03-15T09:01:08","slug":"schul-alltag-06-03-2024-hamburg-raeumt-auf","status":"publish","type":"page","link":"https:\/\/gtselbe.hamburg.de\/?page_id=2785","title":{"rendered":"Schul-Alltag: 06.03.2024 &#8211; Hamburg r\u00e4umt auf"},"content":{"rendered":"<p>Klassen 1a und 1b<\/p>\n<p>Am Mittwoch und Donnerstag sind die 1. Klassen in Sachen Umweltschutz und Nachhaltigkeit aktiv geworden und haben bei &#8222;Hamburg r\u00e4umt auf!&#8220; mitgemacht. Ausger\u00fcstet mit Arbeitshandschuhen und M\u00fcllt\u00fcten wurde nicht nur der Schulhof aufger\u00e4umt, sondern bis zum Altonaer Balkon herumliegender Abfall eingesammelt. Dabei waren wir wirklich schockiert, was und wie viel auf den Stra\u00dfen und in den Parkanlagen achtlos weggeschmissen wird. Die Kinder haben vollen Einsatz gezeigt, sind auch die B\u00f6schungen rauf- und runtergelaufen und hatten viel Spa\u00df. Nachdem auch der Spielplatz beim Altonaer Balkon gereinigt wurde, wurde noch ein wenig gespielt. Und wenn die Temperaturen etwas h\u00f6her gewesen w\u00e4ren, h\u00e4tten wir sicherlich noch mehr M\u00fclls\u00e4cke gef\u00fcllt, aber leider mussten wir nach zwei Stunden getaner Arbeit wieder in den warmen Klassenraum. Ich bin mir ziemlich sicher, dass wir auch im n\u00e4chsten Jahr &#8222;am gr\u00f6\u00dften Stadtputz Deutschlands&#8220; teilnehmen.<\/p>\n<p><img loading=\"lazy\" decoding=\"async\" class=\"alignnone size-large wp-image-2786\" src=\"https:\/\/gtselbe.hamburg.de\/wp-content\/uploads\/sites\/13\/2024\/03\/20240307_083140-768x1024.jpg\" alt=\"\" width=\"525\" height=\"700\" srcset=\"https:\/\/gtselbe.hamburg.de\/wp-content\/uploads\/sites\/13\/2024\/03\/20240307_083140-768x1024.jpg 768w, https:\/\/gtselbe.hamburg.de\/wp-content\/uploads\/sites\/13\/2024\/03\/20240307_083140-225x300.jpg 225w, https:\/\/gtselbe.hamburg.de\/wp-content\/uploads\/sites\/13\/2024\/03\/20240307_083140-1152x1536.jpg 1152w, https:\/\/gtselbe.hamburg.de\/wp-content\/uploads\/sites\/13\/2024\/03\/20240307_083140.jpg 1536w\" sizes=\"auto, (max-width: 525px) 100vw, 525px\" \/> <img loading=\"lazy\" decoding=\"async\" class=\"alignnone size-large wp-image-2787\" src=\"https:\/\/gtselbe.hamburg.de\/wp-content\/uploads\/sites\/13\/2024\/03\/20240307_084026-768x1024.jpg\" alt=\"\" width=\"525\" height=\"700\" srcset=\"https:\/\/gtselbe.hamburg.de\/wp-content\/uploads\/sites\/13\/2024\/03\/20240307_084026-768x1024.jpg 768w, https:\/\/gtselbe.hamburg.de\/wp-content\/uploads\/sites\/13\/2024\/03\/20240307_084026-225x300.jpg 225w, https:\/\/gtselbe.hamburg.de\/wp-content\/uploads\/sites\/13\/2024\/03\/20240307_084026-1152x1536.jpg 1152w, https:\/\/gtselbe.hamburg.de\/wp-content\/uploads\/sites\/13\/2024\/03\/20240307_084026.jpg 1536w\" sizes=\"auto, (max-width: 525px) 100vw, 525px\" \/><\/p>\n","protected":false},"excerpt":{"rendered":"<p>Klassen 1a und 1b Am Mittwoch und Donnerstag sind die 1. Klassen in Sachen Umweltschutz und Nachhaltigkeit aktiv geworden und haben bei &#8222;Hamburg r\u00e4umt auf!&#8220; mitgemacht. Ausger\u00fcstet mit Arbeitshandschuhen und M\u00fcllt\u00fcten wurde nicht nur der Schulhof aufger\u00e4umt, sondern bis zum Altonaer Balkon herumliegender Abfall eingesammelt. Dabei waren wir wirklich schockiert, was und wie viel auf &hellip; <\/p>\n<p class=\"link-more\"><a href=\"https:\/\/gtselbe.hamburg.de\/?page_id=2785\" class=\"more-link\"><span class=\"screen-reader-text\">\u201eSchul-Alltag: 06.03.2024 &#8211; Hamburg r\u00e4umt auf\u201c <\/span>weiterlesen<\/a><\/p>\n","protected":false},"author":1587,"featured_media":0,"parent":0,"menu_order":0,"comment_status":"closed","ping_status":"closed","template":"","meta":{"_acf_changed":false,"footnotes":""},"class_list":["post-2785","page","type-page","status-publish","hentry"],"acf":[],"_links":{"self":[{"href":"https:\/\/gtselbe.hamburg.de\/index.php?rest_route=\/wp\/v2\/pages\/2785","targetHints":{"allow":["GET"]}}],"collection":[{"href":"https:\/\/gtselbe.hamburg.de\/index.php?rest_route=\/wp\/v2\/pages"}],"about":[{"href":"https:\/\/gtselbe.hamburg.de\/index.php?rest_route=\/wp\/v2\/types\/page"}],"author":[{"embeddable":true,"href":"https:\/\/gtselbe.hamburg.de\/index.php?rest_route=\/wp\/v2\/users\/1587"}],"replies":[{"embeddable":true,"href":"https:\/\/gtselbe.hamburg.de\/index.php?rest_route=%2Fwp%2Fv2%2Fcomments&post=2785"}],"version-history":[{"count":1,"href":"https:\/\/gtselbe.hamburg.de\/index.php?rest_route=\/wp\/v2\/pages\/2785\/revisions"}],"predecessor-version":[{"id":2788,"href":"https:\/\/gtselbe.hamburg.de\/index.php?rest_route=\/wp\/v2\/pages\/2785\/revisions\/2788"}],"wp:attachment":[{"href":"https:\/\/gtselbe.hamburg.de\/index.php?rest_route=%2Fwp%2Fv2%2Fmedia&parent=2785"}],"curies":[{"name":"wp","href":"https:\/\/api.w.org\/{rel}","templated":true}]}}