{"id":2830,"date":"2024-03-27T09:08:19","date_gmt":"2024-03-27T08:08:19","guid":{"rendered":"https:\/\/gtselbe.hamburg.de\/?page_id=2830"},"modified":"2024-03-27T09:08:19","modified_gmt":"2024-03-27T08:08:19","slug":"wochenbrief-25-03-2024","status":"publish","type":"page","link":"https:\/\/gtselbe.hamburg.de\/?page_id=2830","title":{"rendered":"Wochenbrief 25.03.2024"},"content":{"rendered":"<p><span class=\"fontstyle0\">Wochenbrief KW 10 und 11 <\/span><\/p>\n<p><span class=\"fontstyle0\">Liebe Eltern,<\/span><\/p>\n<p><span class=\"fontstyle0\">R\u00fcckblick auf die letzten beiden Wochen vor den Ferien:<\/span><\/p>\n<p><span class=\"fontstyle0\">Am Mittwoch und Donnerstag (06.+07.03.24) sind die 1. Klassen in Sachen Umweltschutz und Nachhaltigkeit aktiv geworden und haben bei &#8222;Hamburg r\u00e4umt auf!&#8220; mitgemacht. Ausger\u00fcstet mit Arbeitshandschuhen und M\u00fcllt\u00fcten wurde nicht nur der Schulhof aufger\u00e4umt, sondern bis zum Altonaer Balkon herumliegender Abfall eingesammelt. Dabei waren wir wirklich schockiert, was und wie viel auf den Stra\u00dfen und in den Parkanlagen achtlos weggeschmissen wird. Die Kinder haben vollen Einsatz gezeigt, sind auch die B\u00f6schungen rauf- und runtergelaufen und hatten viel Spa\u00df. Nachdem auch der Spielplatz beim Altonaer Balkon gereinigt wurde, wurde noch ein wenig gespielt. Und wenn die Temperaturen etwas h\u00f6her gewesen w\u00e4ren, h\u00e4tten wir sicherlich noch mehr M\u00fclls\u00e4cke gef\u00fcllt, aber leider mussten wir nach zwei Stunden getaner Arbeit wieder in den warmen Klassenraum. Ich bin mir ziemlich sicher, dass wir auch im n\u00e4chsten Jahr &#8222;am gr\u00f6\u00dften Stadtputz Deutschlands&#8220; teilnehmen.<\/span><\/p>\n<p><span class=\"fontstyle0\">Am Montag, den 11.03.24 war es wieder soweit: In st\u00fcndlicher Abfolge starteten die Sch\u00fclerinnen und Sch\u00fcler s\u00e4mtlicher Klassen zu einem weiteren \u201eHit &#8217;n\u2018 run\u201c-Wettkampf. Dabei geht es darum, m\u00f6glichst schnell einen kleinen Basketball im dazugeh\u00f6rigen Basketballkorb zu \u201eversenken\u201c, nachdem man eine Lauf- und Slalomstrecke zur\u00fcckgelegt hat. Zun\u00e4chst gab es Probedurchl\u00e4ufe f\u00fcr jeden und anschlie\u00dfend die hei\u00dfe Wettkampfphase in der dann eine Durchschnittszeit aller teilnehmenden Sch\u00fclerinnen und Sch\u00fcler genommen wurde. Danach stand der Norddeutsche Vergleich an. Es wurde schlussendlich in die Tabelle geschaut\u2026 Und was sagte der Vergleich: \u201eGTS an der Elbe\u201c bisher auf Platz eins! (28 Schulen haben bereits teilgenommen und acht Schulen folgen noch\u2026.). Wollen wir mal hoffen, dass uns der Gewinn eines \u201eBallpaketes\u201c im Wert von 250,- winkt!<\/span><\/p>\n<p><span class=\"fontstyle0\">Am Donnerstag, den 14.03.24 hat die Schuljury den Schulsieger des Schreibwettbewerbs KLASSEnS\u00c4TZE bestimmt! Zaaim hat sich mit seiner Kurzgeschichte \u201eDer Brandstifter\u201c f\u00fcr die n\u00e4chste Runde qualifiziert. Ein ganz gro\u00dfes Lob an alle anderen Teilnehmerinnen und Teilnehmer &#8211; eure Geschichten haben uns sehr gefallen! Ein herzliches Dankesch\u00f6n auch an Herrn Hinkel, Frau Jappe und Laiza und Ben aus der 3a &#8211; ihr wart eine tolle Jury!<\/span><\/p>\n<p><span class=\"fontstyle0\">Nur zur Erinnerung: der erste Schultag nach den Ferien ist am Dienstag, den 2.4.24 um 8.00 Uhr.<\/span><\/p>\n<p><span class=\"fontstyle0\">Viele Gr\u00fc\u00dfe, <\/span><span class=\"fontstyle0\">weiterhin erholsame Ferien und sch\u00f6ne Ostertage w\u00fcnschen Ihnen <\/span><\/p>\n<p><span class=\"fontstyle0\">Imke H\u00fcbner und Martin Hinkel<\/span><\/p>\n","protected":false},"excerpt":{"rendered":"<p>Wochenbrief KW 10 und 11 Liebe Eltern, R\u00fcckblick auf die letzten beiden Wochen vor den Ferien: Am Mittwoch und Donnerstag (06.+07.03.24) sind die 1. Klassen in Sachen Umweltschutz und Nachhaltigkeit aktiv geworden und haben bei &#8222;Hamburg r\u00e4umt auf!&#8220; mitgemacht. Ausger\u00fcstet mit Arbeitshandschuhen und M\u00fcllt\u00fcten wurde nicht nur der Schulhof aufger\u00e4umt, sondern bis zum Altonaer Balkon &hellip; <\/p>\n<p class=\"link-more\"><a href=\"https:\/\/gtselbe.hamburg.de\/?page_id=2830\" class=\"more-link\"><span class=\"screen-reader-text\">\u201eWochenbrief 25.03.2024\u201c <\/span>weiterlesen<\/a><\/p>\n","protected":false},"author":1587,"featured_media":0,"parent":0,"menu_order":0,"comment_status":"closed","ping_status":"closed","template":"","meta":{"_acf_changed":false,"footnotes":""},"class_list":["post-2830","page","type-page","status-publish","hentry"],"acf":[],"_links":{"self":[{"href":"https:\/\/gtselbe.hamburg.de\/index.php?rest_route=\/wp\/v2\/pages\/2830","targetHints":{"allow":["GET"]}}],"collection":[{"href":"https:\/\/gtselbe.hamburg.de\/index.php?rest_route=\/wp\/v2\/pages"}],"about":[{"href":"https:\/\/gtselbe.hamburg.de\/index.php?rest_route=\/wp\/v2\/types\/page"}],"author":[{"embeddable":true,"href":"https:\/\/gtselbe.hamburg.de\/index.php?rest_route=\/wp\/v2\/users\/1587"}],"replies":[{"embeddable":true,"href":"https:\/\/gtselbe.hamburg.de\/index.php?rest_route=%2Fwp%2Fv2%2Fcomments&post=2830"}],"version-history":[{"count":1,"href":"https:\/\/gtselbe.hamburg.de\/index.php?rest_route=\/wp\/v2\/pages\/2830\/revisions"}],"predecessor-version":[{"id":2831,"href":"https:\/\/gtselbe.hamburg.de\/index.php?rest_route=\/wp\/v2\/pages\/2830\/revisions\/2831"}],"wp:attachment":[{"href":"https:\/\/gtselbe.hamburg.de\/index.php?rest_route=%2Fwp%2Fv2%2Fmedia&parent=2830"}],"curies":[{"name":"wp","href":"https:\/\/api.w.org\/{rel}","templated":true}]}}