{"id":2868,"date":"2024-04-20T13:50:55","date_gmt":"2024-04-20T11:50:55","guid":{"rendered":"https:\/\/gtselbe.hamburg.de\/?page_id=2868"},"modified":"2024-04-20T13:50:55","modified_gmt":"2024-04-20T11:50:55","slug":"wochenbrief-19-04-2024","status":"publish","type":"page","link":"https:\/\/gtselbe.hamburg.de\/?page_id=2868","title":{"rendered":"Wochenbrief 19.04.2024"},"content":{"rendered":"<p>Liebe Eltern,<\/p>\n<p>R\u00fcckblick auf die letzten Wochen:<\/p>\n<p>Seit den Fr\u00fchjahrsferien haben unsere Sch\u00fclerinnen und Sch\u00fcler einiges erlebt:<\/p>\n<p>Die Klasse 2b hat mit Frau Kronitz de Lopez eine neue Klassenleitung, da Frau van der Werp in den Mutterschutz gegangen ist.<\/p>\n<p>Am Dienstag, den 9.4. war die Schulzahn\u00e4rztin wieder in der Schule und hat sich die Z\u00e4hne der Kinder aus der VSK, 3. und 4. Klassen und der Prophylaxe-Kinder sehr genau angeschaut. Die meisten Kinder hatten ihre Z\u00e4hne gut gepflegt, bei wenigen musste die Zahn\u00e4rztin aber auch deutliche Worte finden.<\/p>\n<p>Am gleichen Tag hat nachmittags unser Garten-Kurs ein Geschenk entgegen genommen: Die Rotarier Hanse haben uns zehn Hochbeete spendiert, die sie am Wochenende vorher aufgebaut hatten. Am Dienstag, den 9.4. haben die Kinder dann die ersten Blumen und Gem\u00fcsesamen ges\u00e4t. Besonders beliebt ist derzeit unser Cola-Strauch, der tats\u00e4chlich nach Cola riecht.<\/p>\n<p>Am Mittwoch, den 10.4. haben viele Kinder Bayram gefeiert! Es hat in diesem Jahr zum ersten Mal geklappt, dass alle Eltern ihre Kinder vorher abgemeldet haben. Danke an alle Eltern, die dieses getan haben!<\/p>\n<p>Der Fr\u00fchling ist da! Woran sieht und h\u00f6rt man es? Ganz klar: An den anfeuernden Rufen unserer Sch\u00fclerinnen und Sch\u00fcler! Der erste Fr\u00fchlingslauf in diesem Jahr startete am Freitag, den 12.4.! Voll Spannung standen die ersten L\u00e4uferinnen und L\u00e4ufer an der frisch gezogenen Startlinie und auf drei, zwei, eins gings dann auch schon los. Hier konnten dann alle sehen, wer das Jahr \u00fcber gut trainiert hatte, wer sich schnell \u00fcber die abgesteckte Rennstrecke des Schulhofes bewegte und dann mit entsprechender Platzierung \u00fcber die Ziellinie lief. Am 31.5. gibt\u2019s die n\u00e4chste M\u00f6glichkeit sich zu verbessern, wenn sich alle wieder an der Startlinie auf dem Schulhof einfinden und der 2. Fr\u00fchlingslauf startet.<\/p>\n<p>In dieser Woche hatten wir \u00fcber Erasmus+ zwei spanische Lehrkr\u00e4fte bei uns zu Besuch. Mario und Nadio haben in vielen Klassen hospitiert und den Unterricht unterst\u00fctzt.<\/p>\n<p>Am Montag, den 15.4. waren gleich drei unserer Klassen in der Elbphilharmonie: die Klasse 1a arbeitete in einem langen Workshop zum Thema \u201eKomposition\u201c, die beiden 2. Klassen durften jede Menge Instrumente ausprobieren und haben zum Abschluss ein kleines Konzert gegeben.<\/p>\n<p>Bericht der Klasse 1a: \u201eHeute waren wir in der Elbphilharmonie. Dort haben wir an dem Workshop: \u201eKreativ Komposition\u201c teilgenommen. Kennst du schon das Ohrenkino? Wir wurden in zwei Gruppen eingeteilt. Die eine Gruppe musste mit dem K\u00f6rper Ger\u00e4usche machen, w\u00e4hrend die andere Gruppe die Augen schlie\u00dfen und gut zuh\u00f6ren musste, um herauszufinden, welches K\u00f6rperteil genutzt wurde. Das war faszinierend. Anschlie\u00dfend wurde die Gruppe erneut geteilt. Wir haben in den Studios 6 und 7 unsere eigenen Musikst\u00fccke komponiert. Zum Komponieren haben wir keine \u00fcblichen Instrumente genutzt, sondern Alltagsgegenst\u00e4nde wie Becher oder eine Eieruhr. Hier war unsere Kreativit\u00e4t gefordert! Die Pause haben wir auf dem Balkon mit einer sch\u00f6nen Aussicht genossen. Nach der Pause haben wir uns gegenseitig unsere St\u00fccke vorgespielt, das hat gro\u00dfen Spa\u00df gemacht. Zum Abschluss durften wir noch die Plaza erkunden und mit der gro\u00dfen Rolltreppe fahren.\u201c<\/p>\n<p>Am Mittwoch, den 17.4. hat die Klasse 1b eine Barkassenfahrt unternommen. Dabei haben sie im Hamburger Hafen viele \u201edicke P\u00f6tte\u201c gesehen.<\/p>\n<p>Am heutigen Freitag waren die Vorschule, die beiden 1. Klassen und beide 2. Klassen im Theater f\u00fcr Kinder und haben die Geschichte von \u201eDodo\u201c gesehen. Im str\u00f6menden Regen ging es danach zur\u00fcck zur Schule\u2026<\/p>\n<p><strong>Ausblick: <\/strong><\/p>\n<p>Am kommenden Mittwoch wollen die 4. Klassen die Stadt erkunden und schauen, wo es in Hamburg bedeutende Orte gibt.<\/p>\n<p>Am kommenden Mittwoch f\u00e4hrt die Klasse 1b in die Elbphilharmonie und nimmt am Workshop \u201eKomposition\u201c teil. Am gleichen Tag nehmen die 4. Klassen am Welttag des Buches teil und gehen in eine Buchhandlung.<\/p>\n<p>F\u00fcr alle Kinder, die sich bei Herrn Hinkel angemeldet haben, findet am Freitag um 13.00 Uhr der Stunden-Lauf statt. Alle Eltern, die ihre Kinder anfeuern m\u00f6chten, sind herzlich eingeladen!<\/p>\n<p>F\u00fcr alle, die es noch nicht getan haben: bitte denken Sie daran, dass sie innerhalb der n\u00e4chsten Woche Ihr Kind f\u00fcr das Mittagessen und den Ganztag bei Frau Jappe anmelden!<\/p>\n<p>Eine weitere Erinnerung an alle, die Ferienwochen gebucht haben: bitte melden Sie Ihr Kind innerhalb der n\u00e4chsten Woche f\u00fcr die Maiferien an. Und eine letzte Erinnerung: am 10.5. (Tag nach Himmelfahrt) bleibt die Schule geschlossen. Wir bieten keine Betreuung an.<\/p>\n<p>Viele Gr\u00fc\u00dfe und sch\u00f6nes Wochenende,<\/p>\n<p>Imke H\u00fcbner und Martin Hinkel<\/p>\n","protected":false},"excerpt":{"rendered":"<p>Liebe Eltern, R\u00fcckblick auf die letzten Wochen: Seit den Fr\u00fchjahrsferien haben unsere Sch\u00fclerinnen und Sch\u00fcler einiges erlebt: Die Klasse 2b hat mit Frau Kronitz de Lopez eine neue Klassenleitung, da Frau van der Werp in den Mutterschutz gegangen ist. Am Dienstag, den 9.4. war die Schulzahn\u00e4rztin wieder in der Schule und hat sich die Z\u00e4hne &hellip; <\/p>\n<p class=\"link-more\"><a href=\"https:\/\/gtselbe.hamburg.de\/?page_id=2868\" class=\"more-link\"><span class=\"screen-reader-text\">\u201eWochenbrief 19.04.2024\u201c <\/span>weiterlesen<\/a><\/p>\n","protected":false},"author":1587,"featured_media":0,"parent":0,"menu_order":0,"comment_status":"closed","ping_status":"closed","template":"","meta":{"_acf_changed":false,"footnotes":""},"class_list":["post-2868","page","type-page","status-publish","hentry"],"acf":[],"_links":{"self":[{"href":"https:\/\/gtselbe.hamburg.de\/index.php?rest_route=\/wp\/v2\/pages\/2868","targetHints":{"allow":["GET"]}}],"collection":[{"href":"https:\/\/gtselbe.hamburg.de\/index.php?rest_route=\/wp\/v2\/pages"}],"about":[{"href":"https:\/\/gtselbe.hamburg.de\/index.php?rest_route=\/wp\/v2\/types\/page"}],"author":[{"embeddable":true,"href":"https:\/\/gtselbe.hamburg.de\/index.php?rest_route=\/wp\/v2\/users\/1587"}],"replies":[{"embeddable":true,"href":"https:\/\/gtselbe.hamburg.de\/index.php?rest_route=%2Fwp%2Fv2%2Fcomments&post=2868"}],"version-history":[{"count":1,"href":"https:\/\/gtselbe.hamburg.de\/index.php?rest_route=\/wp\/v2\/pages\/2868\/revisions"}],"predecessor-version":[{"id":2869,"href":"https:\/\/gtselbe.hamburg.de\/index.php?rest_route=\/wp\/v2\/pages\/2868\/revisions\/2869"}],"wp:attachment":[{"href":"https:\/\/gtselbe.hamburg.de\/index.php?rest_route=%2Fwp%2Fv2%2Fmedia&parent=2868"}],"curies":[{"name":"wp","href":"https:\/\/api.w.org\/{rel}","templated":true}]}}