{"id":3003,"date":"2024-05-31T09:10:39","date_gmt":"2024-05-31T07:10:39","guid":{"rendered":"https:\/\/gtselbe.hamburg.de\/?page_id=3003"},"modified":"2024-07-17T10:42:35","modified_gmt":"2024-07-17T08:42:35","slug":"erasmus-mai-2023-deutsch-daenisches-schuelerinnentreffen","status":"publish","type":"page","link":"https:\/\/gtselbe.hamburg.de\/?page_id=3003","title":{"rendered":"Erasmus+: Mai 2024 \u2013 Deutsch-d\u00e4nisches Sch\u00fclerInnentreffen"},"content":{"rendered":"<p><strong>Deutsch-d\u00e4nisches Sch\u00fclerInnentreffen in Tonder\/D\u00e4nemark (27.-29.5.24)<\/strong><\/p>\n<p>Die Vorfreude war allen anzumerken, als wir (die Klassen 4a und 4b) uns am Bahnhof Altona am Montagmorgen trafen. Schnell die Eltern verabschiedet und schon sa\u00dfen wir im Zug Richtung Nieb\u00fcll. Nicht nur wir hatten die gute Idee, die Zeit vor den Sommerferien f\u00fcr eine Reise zu nutzen und so war der Zug voller Schulkinder auf dem Weg in den Norden. Gl\u00fccklicherweise haben wir aber alle einen Platz f\u00fcr uns und unser Gep\u00e4ck ergattert. Nachdem wir in Nieb\u00fcll umgestiegen und schlie\u00dflich in Tonder ausgestiegen sind, erwartete uns schon Herr Hinkel am Bahnhof und brachte netterweise unser Gep\u00e4ck mit dem Auto zur Jugendherberge, w\u00e4hrend wir uns zu Fu\u00df auf den Weg machten. Unsere d\u00e4nische Klasse war bereits angekommen. Nach einem Picknick auf der Wiese hatten die d\u00e4nischen Sch\u00fclerInnen mehrere \u201eIcebreaker\u201c f\u00fcr uns vorbereitet, Spiele, die das erste Kennenlernen einfach und zum Vergn\u00fcgen machten. Anschlie\u00dfend wurden wir zu selbst gebackenem Kuchen eingeladen: Gemeinsames Essen verbindet eben.<br \/>\nNun war Zeit, Tonder zu erkunden. Die Kinder fanden sich in deutsch-d\u00e4nischen Gruppen zusammen und hatten Gelegenheit, die kleine Stadt Tonder zu bestaunen und das mitgebrachte Taschengeld auszugeben f\u00fcr Snacks und Souvenirs. P\u00fcnktlich zum Essen waren wir wieder in der Jugendherberge, wo wir uns \u00fcber ein sehr leckeres Abendessen, Tacos mit viel Salat, gefreut haben. Der Abend begann mit der gegenseitiger Vorstellung unserer Schulen. Beide Klassen hatten dazu ein kleines Video vorbereitet.<br \/>\nAnschlie\u00dfend gab es weitere M\u00f6glichkeiten, die andere Klasse aus D\u00e4nemark bei Spiel und Sport besser kennenzulernen. Begeistert haben viele den Cup-Song gelernt, andere haben Fu\u00dfball gespielt oder wir haben auf der gro\u00dfen Wiese uns gegenseitig T\u00e4nze beigebracht. Ein ereignisreicher Tag ging zu Ende und schlie\u00dflich fielen wir hundem\u00fcde in unsere Betten.<\/p>\n<p>Der zweite Tag stand im Namen der Kunst. Nach dem Fr\u00fchst\u00fcck fuhren wir mit dem Bus wieder \u00fcber die Grenze zur\u00fcck nach Deutschland. Einige Kinder bef\u00fcrchteten schon , die Reise w\u00e4re zu Ende, aber unser Ziel war das Nolde-Museum in Nieb\u00fcll.<br \/>\nIm Nolde-Museum angekommen, nahm uns zun\u00e4chst Museumsp\u00e4dagogin Martina in Empfang. Sie f\u00fchrte uns durch den von Ava und Emil Nolde angelegten Garten und wir bestaunten den knallroten Klatschmohn, die lilafarbenen Lilien, die dunkelrot und wei\u00df leuchtenden Pfingstrosen und noch die vielen weiteren Blumen, an die wir uns nachher noch erinnern w\u00fcrden. Ava und Emil Noldes Wohnhaus mit angegliedertem Atelier war unser n\u00e4chstes Ziel. Wir waren begeistert von den ausgestellten Bildern von norddeutschen Landschaften und Menschen. Besonderes Augenmerk lag auf den Blumenbildern, die Nolde gemalt hatte. Martina f\u00fchrte uns nun zu unserem Atelier, wo wir nun selbst t\u00e4tig werden konnten. Jeder versorgte sich mit einem Malerkittel und griff zur bereitgestellten Aquarellfarbe und Pinsel. Wir waren selbst \u00fcberrascht, wie sch\u00f6n und farbenfroh unsere Bilder geworden sind. In der Schule werden wir auf jeden Fall noch eine Ausstellung mit unseren Werken machen.<br \/>\nAuf der Busfahrt zur\u00fcck machten wir einen Schlenker nach Hojer. Die Strecke f\u00fchrte uns \u00fcber eine Stra\u00dfe, an der die H\u00e4user rechts zu D\u00e4nemark geh\u00f6rten, die H\u00e4user links zu Deutschland. Die beiden Grenzsteine lagen nebeneinander im Asphalt der Stra\u00dfe- so nah wie wir im Bus nebeneinander sa\u00dfen.<br \/>\nDie Schleuse von Hoyer war unser n\u00e4chster Aussichtspunkt. Von hier aus blickt man weit in die Marsch auf der einen Seite und auf das Wattenmeer auf der anderen. Bis nach Sylt und Romo konnten wir blicken.<\/p>\n<p>Zur\u00fcck in der Jugendherberge war Zeit zum Spielen bis zum Abendessen. Gut gest\u00e4rkt ging es anschlie\u00dfend zur benachbarten Turnhalle. Wir bildeten schnell deutsch-d\u00e4nische Teams und Herr Hinkel organisierte ein Fu\u00dfballturnier f\u00fcr alle. Es ging uns nicht ums Gewinnen, sondern nur um den gemeinsamen Spa\u00df und f\u00fcr ein kurzes Hockeyspiel war dann auch noch Zeit. So ging der zweite Tag unseres Aufenthaltes in Tonder zu Ende.<\/p>\n<p>Am dritten Tag hie\u00df es nach dem Fr\u00fchst\u00fcck schon Betten abziehen, Kofferpacken, Zimmer aufr\u00e4umen. Doch bevor unsere neuen d\u00e4nischen Freunde in den Bus stiegen, war noch Zeit f\u00fcr ein paar gemeinsame Spiele. Schlie\u00dflich hie\u00df es Abschied nehmen. Alle haben betont, wie gut ihnen die Zeit und die Erfahrung gefallen haben. Diese Verbindung wollen wir aufrecht erhalten-mit Briefeschreiben, einem Besuch von Kollegen oder auch gerne mit einem Treffen von zwei Schulklassen, die so offen und neugierig sind, mehr von den Nachbarn im Norden und S\u00fcden zu erfahren, wie wir es waren.<br \/>\nGerne w\u00e4ren der ein oder andere noch einen Tag geblieben, doch sp\u00e4testens am Altonaer Bahnhof, wo die Eltern schon auf uns warteten, waren wir auch froh, wieder zu Hause zu sein.<\/p>\n<p><img loading=\"lazy\" decoding=\"async\" class=\"alignnone size-full wp-image-3004\" src=\"https:\/\/gtselbe.hamburg.de\/wp-content\/uploads\/sites\/13\/2024\/05\/DK03.jpg\" alt=\"\" width=\"640\" height=\"480\" srcset=\"https:\/\/gtselbe.hamburg.de\/wp-content\/uploads\/sites\/13\/2024\/05\/DK03.jpg 640w, https:\/\/gtselbe.hamburg.de\/wp-content\/uploads\/sites\/13\/2024\/05\/DK03-300x225.jpg 300w\" sizes=\"auto, (max-width: 640px) 100vw, 640px\" \/> <img loading=\"lazy\" decoding=\"async\" class=\"alignnone size-large wp-image-3005\" src=\"https:\/\/gtselbe.hamburg.de\/wp-content\/uploads\/sites\/13\/2024\/05\/DK04.jpg\" alt=\"\" width=\"525\" height=\"394\" srcset=\"https:\/\/gtselbe.hamburg.de\/wp-content\/uploads\/sites\/13\/2024\/05\/DK04.jpg 640w, https:\/\/gtselbe.hamburg.de\/wp-content\/uploads\/sites\/13\/2024\/05\/DK04-300x225.jpg 300w\" sizes=\"auto, (max-width: 525px) 100vw, 525px\" \/> <img loading=\"lazy\" decoding=\"async\" class=\"alignnone size-large wp-image-3006\" src=\"https:\/\/gtselbe.hamburg.de\/wp-content\/uploads\/sites\/13\/2024\/05\/DK05.jpg\" alt=\"\" width=\"525\" height=\"394\" srcset=\"https:\/\/gtselbe.hamburg.de\/wp-content\/uploads\/sites\/13\/2024\/05\/DK05.jpg 640w, https:\/\/gtselbe.hamburg.de\/wp-content\/uploads\/sites\/13\/2024\/05\/DK05-300x225.jpg 300w\" sizes=\"auto, (max-width: 525px) 100vw, 525px\" \/> <img loading=\"lazy\" decoding=\"async\" class=\"alignnone size-large wp-image-3007\" src=\"https:\/\/gtselbe.hamburg.de\/wp-content\/uploads\/sites\/13\/2024\/05\/DK06.jpg\" alt=\"\" width=\"525\" height=\"394\" srcset=\"https:\/\/gtselbe.hamburg.de\/wp-content\/uploads\/sites\/13\/2024\/05\/DK06.jpg 640w, https:\/\/gtselbe.hamburg.de\/wp-content\/uploads\/sites\/13\/2024\/05\/DK06-300x225.jpg 300w\" sizes=\"auto, (max-width: 525px) 100vw, 525px\" \/> <img loading=\"lazy\" decoding=\"async\" class=\"alignnone size-large wp-image-3008\" src=\"https:\/\/gtselbe.hamburg.de\/wp-content\/uploads\/sites\/13\/2024\/05\/DK07.jpg\" alt=\"\" width=\"525\" height=\"394\" srcset=\"https:\/\/gtselbe.hamburg.de\/wp-content\/uploads\/sites\/13\/2024\/05\/DK07.jpg 640w, https:\/\/gtselbe.hamburg.de\/wp-content\/uploads\/sites\/13\/2024\/05\/DK07-300x225.jpg 300w\" sizes=\"auto, (max-width: 525px) 100vw, 525px\" \/> <img loading=\"lazy\" decoding=\"async\" class=\"alignnone size-large wp-image-3009\" src=\"https:\/\/gtselbe.hamburg.de\/wp-content\/uploads\/sites\/13\/2024\/05\/DK08.jpg\" alt=\"\" width=\"525\" height=\"394\" srcset=\"https:\/\/gtselbe.hamburg.de\/wp-content\/uploads\/sites\/13\/2024\/05\/DK08.jpg 640w, https:\/\/gtselbe.hamburg.de\/wp-content\/uploads\/sites\/13\/2024\/05\/DK08-300x225.jpg 300w\" sizes=\"auto, (max-width: 525px) 100vw, 525px\" \/> <img loading=\"lazy\" decoding=\"async\" class=\"alignnone size-large wp-image-3010\" src=\"https:\/\/gtselbe.hamburg.de\/wp-content\/uploads\/sites\/13\/2024\/05\/DK09.jpg\" alt=\"\" width=\"525\" height=\"394\" srcset=\"https:\/\/gtselbe.hamburg.de\/wp-content\/uploads\/sites\/13\/2024\/05\/DK09.jpg 640w, https:\/\/gtselbe.hamburg.de\/wp-content\/uploads\/sites\/13\/2024\/05\/DK09-300x225.jpg 300w\" sizes=\"auto, (max-width: 525px) 100vw, 525px\" \/> <img loading=\"lazy\" decoding=\"async\" class=\"alignnone size-large wp-image-3011\" src=\"https:\/\/gtselbe.hamburg.de\/wp-content\/uploads\/sites\/13\/2024\/05\/DK10.jpg\" alt=\"\" width=\"525\" height=\"394\" srcset=\"https:\/\/gtselbe.hamburg.de\/wp-content\/uploads\/sites\/13\/2024\/05\/DK10.jpg 640w, https:\/\/gtselbe.hamburg.de\/wp-content\/uploads\/sites\/13\/2024\/05\/DK10-300x225.jpg 300w\" sizes=\"auto, (max-width: 525px) 100vw, 525px\" \/> <img loading=\"lazy\" decoding=\"async\" class=\"alignnone size-large wp-image-3012\" src=\"https:\/\/gtselbe.hamburg.de\/wp-content\/uploads\/sites\/13\/2024\/05\/DK11.jpg\" alt=\"\" width=\"525\" height=\"394\" srcset=\"https:\/\/gtselbe.hamburg.de\/wp-content\/uploads\/sites\/13\/2024\/05\/DK11.jpg 640w, https:\/\/gtselbe.hamburg.de\/wp-content\/uploads\/sites\/13\/2024\/05\/DK11-300x225.jpg 300w\" sizes=\"auto, (max-width: 525px) 100vw, 525px\" \/> <img loading=\"lazy\" decoding=\"async\" class=\"alignnone size-large wp-image-3013\" src=\"https:\/\/gtselbe.hamburg.de\/wp-content\/uploads\/sites\/13\/2024\/05\/DK12.jpg\" alt=\"\" width=\"480\" height=\"640\" srcset=\"https:\/\/gtselbe.hamburg.de\/wp-content\/uploads\/sites\/13\/2024\/05\/DK12.jpg 480w, https:\/\/gtselbe.hamburg.de\/wp-content\/uploads\/sites\/13\/2024\/05\/DK12-225x300.jpg 225w\" sizes=\"auto, (max-width: 480px) 100vw, 480px\" \/> <img loading=\"lazy\" decoding=\"async\" class=\"alignnone size-large wp-image-3014\" src=\"https:\/\/gtselbe.hamburg.de\/wp-content\/uploads\/sites\/13\/2024\/05\/DK13.jpg\" alt=\"\" width=\"480\" height=\"640\" srcset=\"https:\/\/gtselbe.hamburg.de\/wp-content\/uploads\/sites\/13\/2024\/05\/DK13.jpg 480w, https:\/\/gtselbe.hamburg.de\/wp-content\/uploads\/sites\/13\/2024\/05\/DK13-225x300.jpg 225w\" sizes=\"auto, (max-width: 480px) 100vw, 480px\" \/> <img loading=\"lazy\" decoding=\"async\" class=\"alignnone size-large wp-image-3015\" src=\"https:\/\/gtselbe.hamburg.de\/wp-content\/uploads\/sites\/13\/2024\/05\/DK14.jpg\" alt=\"\" width=\"525\" height=\"394\" srcset=\"https:\/\/gtselbe.hamburg.de\/wp-content\/uploads\/sites\/13\/2024\/05\/DK14.jpg 640w, https:\/\/gtselbe.hamburg.de\/wp-content\/uploads\/sites\/13\/2024\/05\/DK14-300x225.jpg 300w\" sizes=\"auto, (max-width: 525px) 100vw, 525px\" \/> <img loading=\"lazy\" decoding=\"async\" class=\"alignnone size-large wp-image-3016\" src=\"https:\/\/gtselbe.hamburg.de\/wp-content\/uploads\/sites\/13\/2024\/05\/DK15.jpg\" alt=\"\" width=\"525\" height=\"394\" srcset=\"https:\/\/gtselbe.hamburg.de\/wp-content\/uploads\/sites\/13\/2024\/05\/DK15.jpg 640w, https:\/\/gtselbe.hamburg.de\/wp-content\/uploads\/sites\/13\/2024\/05\/DK15-300x225.jpg 300w\" sizes=\"auto, (max-width: 525px) 100vw, 525px\" \/> <img loading=\"lazy\" decoding=\"async\" class=\"alignnone size-large wp-image-3017\" src=\"https:\/\/gtselbe.hamburg.de\/wp-content\/uploads\/sites\/13\/2024\/05\/DK16.jpg\" alt=\"\" width=\"525\" height=\"394\" srcset=\"https:\/\/gtselbe.hamburg.de\/wp-content\/uploads\/sites\/13\/2024\/05\/DK16.jpg 640w, https:\/\/gtselbe.hamburg.de\/wp-content\/uploads\/sites\/13\/2024\/05\/DK16-300x225.jpg 300w\" sizes=\"auto, (max-width: 525px) 100vw, 525px\" \/> <img loading=\"lazy\" decoding=\"async\" class=\"alignnone size-large wp-image-3018\" src=\"https:\/\/gtselbe.hamburg.de\/wp-content\/uploads\/sites\/13\/2024\/05\/DK17.jpg\" alt=\"\" width=\"525\" height=\"394\" srcset=\"https:\/\/gtselbe.hamburg.de\/wp-content\/uploads\/sites\/13\/2024\/05\/DK17.jpg 640w, https:\/\/gtselbe.hamburg.de\/wp-content\/uploads\/sites\/13\/2024\/05\/DK17-300x225.jpg 300w\" sizes=\"auto, (max-width: 525px) 100vw, 525px\" \/> <img loading=\"lazy\" decoding=\"async\" class=\"alignnone size-large wp-image-3019\" src=\"https:\/\/gtselbe.hamburg.de\/wp-content\/uploads\/sites\/13\/2024\/05\/DK01.jpg\" alt=\"\" width=\"525\" height=\"394\" srcset=\"https:\/\/gtselbe.hamburg.de\/wp-content\/uploads\/sites\/13\/2024\/05\/DK01.jpg 640w, https:\/\/gtselbe.hamburg.de\/wp-content\/uploads\/sites\/13\/2024\/05\/DK01-300x225.jpg 300w\" sizes=\"auto, (max-width: 525px) 100vw, 525px\" \/> <img loading=\"lazy\" decoding=\"async\" class=\"alignnone size-large wp-image-3020\" src=\"https:\/\/gtselbe.hamburg.de\/wp-content\/uploads\/sites\/13\/2024\/05\/DK02.jpg\" alt=\"\" width=\"525\" height=\"394\" srcset=\"https:\/\/gtselbe.hamburg.de\/wp-content\/uploads\/sites\/13\/2024\/05\/DK02.jpg 640w, https:\/\/gtselbe.hamburg.de\/wp-content\/uploads\/sites\/13\/2024\/05\/DK02-300x225.jpg 300w\" sizes=\"auto, (max-width: 525px) 100vw, 525px\" \/><\/p>\n<p>&nbsp;<\/p>\n","protected":false},"excerpt":{"rendered":"<p>Deutsch-d\u00e4nisches Sch\u00fclerInnentreffen in Tonder\/D\u00e4nemark (27.-29.5.24) Die Vorfreude war allen anzumerken, als wir (die Klassen 4a und 4b) uns am Bahnhof Altona am Montagmorgen trafen. Schnell die Eltern verabschiedet und schon sa\u00dfen wir im Zug Richtung Nieb\u00fcll. Nicht nur wir hatten die gute Idee, die Zeit vor den Sommerferien f\u00fcr eine Reise zu nutzen und so &hellip; <\/p>\n<p class=\"link-more\"><a href=\"https:\/\/gtselbe.hamburg.de\/?page_id=3003\" class=\"more-link\"><span class=\"screen-reader-text\">\u201eErasmus+: Mai 2024 \u2013 Deutsch-d\u00e4nisches Sch\u00fclerInnentreffen\u201c <\/span>weiterlesen<\/a><\/p>\n","protected":false},"author":1587,"featured_media":0,"parent":0,"menu_order":0,"comment_status":"closed","ping_status":"closed","template":"","meta":{"_acf_changed":false,"footnotes":""},"class_list":["post-3003","page","type-page","status-publish","hentry"],"acf":[],"_links":{"self":[{"href":"https:\/\/gtselbe.hamburg.de\/index.php?rest_route=\/wp\/v2\/pages\/3003","targetHints":{"allow":["GET"]}}],"collection":[{"href":"https:\/\/gtselbe.hamburg.de\/index.php?rest_route=\/wp\/v2\/pages"}],"about":[{"href":"https:\/\/gtselbe.hamburg.de\/index.php?rest_route=\/wp\/v2\/types\/page"}],"author":[{"embeddable":true,"href":"https:\/\/gtselbe.hamburg.de\/index.php?rest_route=\/wp\/v2\/users\/1587"}],"replies":[{"embeddable":true,"href":"https:\/\/gtselbe.hamburg.de\/index.php?rest_route=%2Fwp%2Fv2%2Fcomments&post=3003"}],"version-history":[{"count":2,"href":"https:\/\/gtselbe.hamburg.de\/index.php?rest_route=\/wp\/v2\/pages\/3003\/revisions"}],"predecessor-version":[{"id":3198,"href":"https:\/\/gtselbe.hamburg.de\/index.php?rest_route=\/wp\/v2\/pages\/3003\/revisions\/3198"}],"wp:attachment":[{"href":"https:\/\/gtselbe.hamburg.de\/index.php?rest_route=%2Fwp%2Fv2%2Fmedia&parent=3003"}],"curies":[{"name":"wp","href":"https:\/\/api.w.org\/{rel}","templated":true}]}}