{"id":3235,"date":"2024-10-06T11:31:09","date_gmt":"2024-10-06T09:31:09","guid":{"rendered":"https:\/\/gtselbe.hamburg.de\/?page_id=3235"},"modified":"2024-10-06T11:31:09","modified_gmt":"2024-10-06T09:31:09","slug":"schul-alltag-13-09-2024-botanischer-garten","status":"publish","type":"page","link":"https:\/\/gtselbe.hamburg.de\/?page_id=3235","title":{"rendered":"Schul-Alltag: 13.09.2024 &#8211; Botanischer Garten"},"content":{"rendered":"<p>Klassen 3a, 3b<\/p>\n<p>Der Wettergott bescherte den Kindern der 3a und 3b hervorragendes sp\u00e4tsommerliches Wetter f\u00fcr ihren Ausflug zum Botanischen Garten. Dort wartete ein Workshop zum Thema &#8222;Gem\u00fcsearten kennenlernen&#8220;. Ausgestattet mit Klemmbrettern und einer Rally erkundeten die Kids die liebevoll angelegten Gem\u00fcseg\u00e4rten und konnten dabei einige neue Gem\u00fcsesorten kennenlernen. Die Kinder versuchten die Gem\u00fcsesorten zu finden und dann Bl\u00e4tter und Fr\u00fcchte in die Tabelle zu zeichnen. Neben bekannten Gem\u00fcsesorten wie K\u00fcrbis oder Karotten waren aber auch ein paar Neulinge wie Mangold dabei. Insgesamt hatten die Kinder gro\u00dfen Spa\u00df und waren sich einig: das soll nicht der letzte Ausflug in den Botanischen Garten gewesen sein.<\/p>\n<p><img loading=\"lazy\" decoding=\"async\" class=\"alignnone size-large wp-image-3236\" src=\"https:\/\/gtselbe.hamburg.de\/wp-content\/uploads\/sites\/13\/2024\/10\/IMG_3468-768x1024.jpeg\" alt=\"\" width=\"525\" height=\"700\" srcset=\"https:\/\/gtselbe.hamburg.de\/wp-content\/uploads\/sites\/13\/2024\/10\/IMG_3468-768x1024.jpeg 768w, https:\/\/gtselbe.hamburg.de\/wp-content\/uploads\/sites\/13\/2024\/10\/IMG_3468-225x300.jpeg 225w, https:\/\/gtselbe.hamburg.de\/wp-content\/uploads\/sites\/13\/2024\/10\/IMG_3468-1152x1536.jpeg 1152w, https:\/\/gtselbe.hamburg.de\/wp-content\/uploads\/sites\/13\/2024\/10\/IMG_3468.jpeg 1536w\" sizes=\"auto, (max-width: 525px) 100vw, 525px\" \/> <img loading=\"lazy\" decoding=\"async\" class=\"alignnone size-large wp-image-3237\" src=\"https:\/\/gtselbe.hamburg.de\/wp-content\/uploads\/sites\/13\/2024\/10\/IMG_3470-768x1024.jpeg\" alt=\"\" width=\"525\" height=\"700\" srcset=\"https:\/\/gtselbe.hamburg.de\/wp-content\/uploads\/sites\/13\/2024\/10\/IMG_3470-768x1024.jpeg 768w, https:\/\/gtselbe.hamburg.de\/wp-content\/uploads\/sites\/13\/2024\/10\/IMG_3470-225x300.jpeg 225w, https:\/\/gtselbe.hamburg.de\/wp-content\/uploads\/sites\/13\/2024\/10\/IMG_3470-1152x1536.jpeg 1152w, https:\/\/gtselbe.hamburg.de\/wp-content\/uploads\/sites\/13\/2024\/10\/IMG_3470.jpeg 1536w\" sizes=\"auto, (max-width: 525px) 100vw, 525px\" \/> <img loading=\"lazy\" decoding=\"async\" class=\"alignnone size-large wp-image-3238\" src=\"https:\/\/gtselbe.hamburg.de\/wp-content\/uploads\/sites\/13\/2024\/10\/IMG_3471-768x1024.jpeg\" alt=\"\" width=\"525\" height=\"700\" srcset=\"https:\/\/gtselbe.hamburg.de\/wp-content\/uploads\/sites\/13\/2024\/10\/IMG_3471-768x1024.jpeg 768w, https:\/\/gtselbe.hamburg.de\/wp-content\/uploads\/sites\/13\/2024\/10\/IMG_3471-225x300.jpeg 225w, https:\/\/gtselbe.hamburg.de\/wp-content\/uploads\/sites\/13\/2024\/10\/IMG_3471-1152x1536.jpeg 1152w, https:\/\/gtselbe.hamburg.de\/wp-content\/uploads\/sites\/13\/2024\/10\/IMG_3471.jpeg 1536w\" sizes=\"auto, (max-width: 525px) 100vw, 525px\" \/> <img loading=\"lazy\" decoding=\"async\" class=\"alignnone size-large wp-image-3239\" src=\"https:\/\/gtselbe.hamburg.de\/wp-content\/uploads\/sites\/13\/2024\/10\/IMG_3467-768x1024.jpeg\" alt=\"\" width=\"525\" height=\"700\" srcset=\"https:\/\/gtselbe.hamburg.de\/wp-content\/uploads\/sites\/13\/2024\/10\/IMG_3467-768x1024.jpeg 768w, https:\/\/gtselbe.hamburg.de\/wp-content\/uploads\/sites\/13\/2024\/10\/IMG_3467-225x300.jpeg 225w, https:\/\/gtselbe.hamburg.de\/wp-content\/uploads\/sites\/13\/2024\/10\/IMG_3467-1152x1536.jpeg 1152w, https:\/\/gtselbe.hamburg.de\/wp-content\/uploads\/sites\/13\/2024\/10\/IMG_3467.jpeg 1536w\" sizes=\"auto, (max-width: 525px) 100vw, 525px\" \/><\/p>\n","protected":false},"excerpt":{"rendered":"<p>Klassen 3a, 3b Der Wettergott bescherte den Kindern der 3a und 3b hervorragendes sp\u00e4tsommerliches Wetter f\u00fcr ihren Ausflug zum Botanischen Garten. Dort wartete ein Workshop zum Thema &#8222;Gem\u00fcsearten kennenlernen&#8220;. Ausgestattet mit Klemmbrettern und einer Rally erkundeten die Kids die liebevoll angelegten Gem\u00fcseg\u00e4rten und konnten dabei einige neue Gem\u00fcsesorten kennenlernen. Die Kinder versuchten die Gem\u00fcsesorten zu &hellip; <\/p>\n<p class=\"link-more\"><a href=\"https:\/\/gtselbe.hamburg.de\/?page_id=3235\" class=\"more-link\"><span class=\"screen-reader-text\">\u201eSchul-Alltag: 13.09.2024 &#8211; Botanischer Garten\u201c <\/span>weiterlesen<\/a><\/p>\n","protected":false},"author":1587,"featured_media":0,"parent":0,"menu_order":0,"comment_status":"closed","ping_status":"closed","template":"","meta":{"_acf_changed":false,"footnotes":""},"class_list":["post-3235","page","type-page","status-publish","hentry"],"acf":[],"_links":{"self":[{"href":"https:\/\/gtselbe.hamburg.de\/index.php?rest_route=\/wp\/v2\/pages\/3235","targetHints":{"allow":["GET"]}}],"collection":[{"href":"https:\/\/gtselbe.hamburg.de\/index.php?rest_route=\/wp\/v2\/pages"}],"about":[{"href":"https:\/\/gtselbe.hamburg.de\/index.php?rest_route=\/wp\/v2\/types\/page"}],"author":[{"embeddable":true,"href":"https:\/\/gtselbe.hamburg.de\/index.php?rest_route=\/wp\/v2\/users\/1587"}],"replies":[{"embeddable":true,"href":"https:\/\/gtselbe.hamburg.de\/index.php?rest_route=%2Fwp%2Fv2%2Fcomments&post=3235"}],"version-history":[{"count":1,"href":"https:\/\/gtselbe.hamburg.de\/index.php?rest_route=\/wp\/v2\/pages\/3235\/revisions"}],"predecessor-version":[{"id":3240,"href":"https:\/\/gtselbe.hamburg.de\/index.php?rest_route=\/wp\/v2\/pages\/3235\/revisions\/3240"}],"wp:attachment":[{"href":"https:\/\/gtselbe.hamburg.de\/index.php?rest_route=%2Fwp%2Fv2%2Fmedia&parent=3235"}],"curies":[{"name":"wp","href":"https:\/\/api.w.org\/{rel}","templated":true}]}}