{"id":3463,"date":"2024-12-11T09:12:52","date_gmt":"2024-12-11T08:12:52","guid":{"rendered":"https:\/\/gtselbe.hamburg.de\/?page_id=3463"},"modified":"2024-12-11T09:12:52","modified_gmt":"2024-12-11T08:12:52","slug":"schul-alltag-09-12-2024-panoptikum","status":"publish","type":"page","link":"https:\/\/gtselbe.hamburg.de\/?page_id=3463","title":{"rendered":"Schul-Alltag: 09.12.2024 &#8211; Panoptikum\u00a0"},"content":{"rendered":"<p>Am Montag, den 9.12.24 machten sich die 2. Klassen bei hamburgischem Wetter auf zum Panoptikum, dem gr\u00f6\u00dften und \u00e4ltesten Wachsfigurenkabinett Deutschlands. Hier konnten wir \u00fcber 120 Wachsfiguren von Stars bewundern, von denen wir einige sogar aus dem Fernsehen kannten. Die Ausstellung erstreckte sich \u00fcber dreieinhalb Etagen, sodass wir viele verschiedene Bereiche erkunden konnten. Dabei wunderten wir uns \u00fcber die unterschiedlichen Gr\u00f6\u00dfen, Kleidungen und Posen der Pers\u00f6nlichkeiten und entdeckten auch ungew\u00f6hnliche Figuren, darunter eine mit drei Augen und zwei Nasen. Besonders spannend war es, f\u00fcr eine selbstgew\u00e4hlte Person einen Steckbrief auszuf\u00fcllen. Auch wenn wir nicht jede Frage beantworten konnten, hat die Partnerarbeit richtig Spa\u00df gemacht. In der Schule werden wir weiter recherchieren und die fehlenden Angaben erg\u00e4nzen. Mal sehen, ob die anderen Kinder die Person erkennen.<\/p>\n<p style=\"margin-bottom: 12.0pt\">Au\u00dferdem gingen wir auf die &#8222;Die Panoptikum-Tour mit Pauli P.&#8220;. Eine Rallye, die zwar an manchen Stellen ziemlich knifflig war, aber gerade das R\u00e4tseln hat viel Freude bereitet. Es war eine tolle Erfahrung im Panoptikum, und wir bedanken uns herzlich bei der Stiftung Kinderjahre, die uns dieses Erlebnis erm\u00f6glicht hat.<\/p>\n<p><img loading=\"lazy\" decoding=\"async\" class=\"alignnone size-large wp-image-3464\" src=\"https:\/\/gtselbe.hamburg.de\/wp-content\/uploads\/sites\/13\/2024\/12\/20241209_103307-768x1024.jpg\" alt=\"\" width=\"525\" height=\"700\" srcset=\"https:\/\/gtselbe.hamburg.de\/wp-content\/uploads\/sites\/13\/2024\/12\/20241209_103307-768x1024.jpg 768w, https:\/\/gtselbe.hamburg.de\/wp-content\/uploads\/sites\/13\/2024\/12\/20241209_103307-225x300.jpg 225w, https:\/\/gtselbe.hamburg.de\/wp-content\/uploads\/sites\/13\/2024\/12\/20241209_103307-1152x1536.jpg 1152w, https:\/\/gtselbe.hamburg.de\/wp-content\/uploads\/sites\/13\/2024\/12\/20241209_103307-rotated.jpg 1500w\" sizes=\"auto, (max-width: 525px) 100vw, 525px\" \/> <img loading=\"lazy\" decoding=\"async\" class=\"alignnone size-large wp-image-3465\" src=\"https:\/\/gtselbe.hamburg.de\/wp-content\/uploads\/sites\/13\/2024\/12\/20241209_104920-768x1024.jpg\" alt=\"\" width=\"525\" height=\"700\" srcset=\"https:\/\/gtselbe.hamburg.de\/wp-content\/uploads\/sites\/13\/2024\/12\/20241209_104920-768x1024.jpg 768w, https:\/\/gtselbe.hamburg.de\/wp-content\/uploads\/sites\/13\/2024\/12\/20241209_104920-225x300.jpg 225w, https:\/\/gtselbe.hamburg.de\/wp-content\/uploads\/sites\/13\/2024\/12\/20241209_104920-1152x1536.jpg 1152w, https:\/\/gtselbe.hamburg.de\/wp-content\/uploads\/sites\/13\/2024\/12\/20241209_104920-rotated.jpg 1500w\" sizes=\"auto, (max-width: 525px) 100vw, 525px\" \/> <img loading=\"lazy\" decoding=\"async\" class=\"alignnone size-large wp-image-3466\" src=\"https:\/\/gtselbe.hamburg.de\/wp-content\/uploads\/sites\/13\/2024\/12\/20241209_103529-768x1024.jpg\" alt=\"\" width=\"525\" height=\"700\" srcset=\"https:\/\/gtselbe.hamburg.de\/wp-content\/uploads\/sites\/13\/2024\/12\/20241209_103529-768x1024.jpg 768w, https:\/\/gtselbe.hamburg.de\/wp-content\/uploads\/sites\/13\/2024\/12\/20241209_103529-225x300.jpg 225w, https:\/\/gtselbe.hamburg.de\/wp-content\/uploads\/sites\/13\/2024\/12\/20241209_103529-1152x1536.jpg 1152w, https:\/\/gtselbe.hamburg.de\/wp-content\/uploads\/sites\/13\/2024\/12\/20241209_103529-rotated.jpg 1500w\" sizes=\"auto, (max-width: 525px) 100vw, 525px\" \/><\/p>\n","protected":false},"excerpt":{"rendered":"<p>Am Montag, den 9.12.24 machten sich die 2. Klassen bei hamburgischem Wetter auf zum Panoptikum, dem gr\u00f6\u00dften und \u00e4ltesten Wachsfigurenkabinett Deutschlands. Hier konnten wir \u00fcber 120 Wachsfiguren von Stars bewundern, von denen wir einige sogar aus dem Fernsehen kannten. Die Ausstellung erstreckte sich \u00fcber dreieinhalb Etagen, sodass wir viele verschiedene Bereiche erkunden konnten. Dabei wunderten &hellip; <\/p>\n<p class=\"link-more\"><a href=\"https:\/\/gtselbe.hamburg.de\/?page_id=3463\" class=\"more-link\"><span class=\"screen-reader-text\">\u201eSchul-Alltag: 09.12.2024 &#8211; Panoptikum\u00a0\u201c <\/span>weiterlesen<\/a><\/p>\n","protected":false},"author":1587,"featured_media":0,"parent":0,"menu_order":0,"comment_status":"closed","ping_status":"closed","template":"","meta":{"_acf_changed":false,"footnotes":""},"class_list":["post-3463","page","type-page","status-publish","hentry"],"acf":[],"_links":{"self":[{"href":"https:\/\/gtselbe.hamburg.de\/index.php?rest_route=\/wp\/v2\/pages\/3463","targetHints":{"allow":["GET"]}}],"collection":[{"href":"https:\/\/gtselbe.hamburg.de\/index.php?rest_route=\/wp\/v2\/pages"}],"about":[{"href":"https:\/\/gtselbe.hamburg.de\/index.php?rest_route=\/wp\/v2\/types\/page"}],"author":[{"embeddable":true,"href":"https:\/\/gtselbe.hamburg.de\/index.php?rest_route=\/wp\/v2\/users\/1587"}],"replies":[{"embeddable":true,"href":"https:\/\/gtselbe.hamburg.de\/index.php?rest_route=%2Fwp%2Fv2%2Fcomments&post=3463"}],"version-history":[{"count":1,"href":"https:\/\/gtselbe.hamburg.de\/index.php?rest_route=\/wp\/v2\/pages\/3463\/revisions"}],"predecessor-version":[{"id":3467,"href":"https:\/\/gtselbe.hamburg.de\/index.php?rest_route=\/wp\/v2\/pages\/3463\/revisions\/3467"}],"wp:attachment":[{"href":"https:\/\/gtselbe.hamburg.de\/index.php?rest_route=%2Fwp%2Fv2%2Fmedia&parent=3463"}],"curies":[{"name":"wp","href":"https:\/\/api.w.org\/{rel}","templated":true}]}}