{"id":3567,"date":"2025-03-04T15:17:06","date_gmt":"2025-03-04T14:17:06","guid":{"rendered":"https:\/\/gtselbe.hamburg.de\/?page_id=3567"},"modified":"2025-03-04T15:17:06","modified_gmt":"2025-03-04T14:17:06","slug":"schul-alltag-20-02-2025-yehudi-menuhin","status":"publish","type":"page","link":"https:\/\/gtselbe.hamburg.de\/?page_id=3567","title":{"rendered":"Schul-Alltag: 20.02.2025 &#8211; Yehudi Menuhin"},"content":{"rendered":"<p>Klassen 1-3<\/p>\n<p>Am Donnerstag konnten wir wieder ein wunderbares Konzert der \u201eYehudi Menuhin Live Music Now\u201c \u2013 Stiftung h\u00f6ren! Das Trio Hermanitos war zu Gast in unseren R\u00e4umen und hat uns mit Oboe, Klarinette und Gitarre verzaubert. Bei einem St\u00fcck ben\u00f6tigten sie Unterst\u00fctzung durch zwei unserer Zweitkl\u00e4ssler, die ihre Aufgabe bravour\u00f6s gemeistert haben. Wir freuen uns auf das n\u00e4chste Konzert!<\/p>\n<p><img loading=\"lazy\" decoding=\"async\" class=\"alignnone size-full wp-image-3568\" src=\"https:\/\/gtselbe.hamburg.de\/wp-content\/uploads\/sites\/13\/2025\/03\/image001-1.jpg\" alt=\"\" width=\"640\" height=\"480\" srcset=\"https:\/\/gtselbe.hamburg.de\/wp-content\/uploads\/sites\/13\/2025\/03\/image001-1.jpg 640w, https:\/\/gtselbe.hamburg.de\/wp-content\/uploads\/sites\/13\/2025\/03\/image001-1-300x225.jpg 300w\" sizes=\"auto, (max-width: 640px) 100vw, 640px\" \/> <img loading=\"lazy\" decoding=\"async\" class=\"alignnone size-large wp-image-3569\" src=\"https:\/\/gtselbe.hamburg.de\/wp-content\/uploads\/sites\/13\/2025\/03\/image002-1.jpg\" alt=\"\" width=\"525\" height=\"394\" srcset=\"https:\/\/gtselbe.hamburg.de\/wp-content\/uploads\/sites\/13\/2025\/03\/image002-1.jpg 640w, https:\/\/gtselbe.hamburg.de\/wp-content\/uploads\/sites\/13\/2025\/03\/image002-1-300x225.jpg 300w\" sizes=\"auto, (max-width: 525px) 100vw, 525px\" \/><\/p>\n","protected":false},"excerpt":{"rendered":"<p>Klassen 1-3 Am Donnerstag konnten wir wieder ein wunderbares Konzert der \u201eYehudi Menuhin Live Music Now\u201c \u2013 Stiftung h\u00f6ren! Das Trio Hermanitos war zu Gast in unseren R\u00e4umen und hat uns mit Oboe, Klarinette und Gitarre verzaubert. Bei einem St\u00fcck ben\u00f6tigten sie Unterst\u00fctzung durch zwei unserer Zweitkl\u00e4ssler, die ihre Aufgabe bravour\u00f6s gemeistert haben. Wir freuen &hellip; <\/p>\n<p class=\"link-more\"><a href=\"https:\/\/gtselbe.hamburg.de\/?page_id=3567\" class=\"more-link\"><span class=\"screen-reader-text\">\u201eSchul-Alltag: 20.02.2025 &#8211; Yehudi Menuhin\u201c <\/span>weiterlesen<\/a><\/p>\n","protected":false},"author":1587,"featured_media":0,"parent":0,"menu_order":0,"comment_status":"closed","ping_status":"closed","template":"","meta":{"_acf_changed":false,"footnotes":""},"class_list":["post-3567","page","type-page","status-publish","hentry"],"acf":[],"_links":{"self":[{"href":"https:\/\/gtselbe.hamburg.de\/index.php?rest_route=\/wp\/v2\/pages\/3567","targetHints":{"allow":["GET"]}}],"collection":[{"href":"https:\/\/gtselbe.hamburg.de\/index.php?rest_route=\/wp\/v2\/pages"}],"about":[{"href":"https:\/\/gtselbe.hamburg.de\/index.php?rest_route=\/wp\/v2\/types\/page"}],"author":[{"embeddable":true,"href":"https:\/\/gtselbe.hamburg.de\/index.php?rest_route=\/wp\/v2\/users\/1587"}],"replies":[{"embeddable":true,"href":"https:\/\/gtselbe.hamburg.de\/index.php?rest_route=%2Fwp%2Fv2%2Fcomments&post=3567"}],"version-history":[{"count":1,"href":"https:\/\/gtselbe.hamburg.de\/index.php?rest_route=\/wp\/v2\/pages\/3567\/revisions"}],"predecessor-version":[{"id":3570,"href":"https:\/\/gtselbe.hamburg.de\/index.php?rest_route=\/wp\/v2\/pages\/3567\/revisions\/3570"}],"wp:attachment":[{"href":"https:\/\/gtselbe.hamburg.de\/index.php?rest_route=%2Fwp%2Fv2%2Fmedia&parent=3567"}],"curies":[{"name":"wp","href":"https:\/\/api.w.org\/{rel}","templated":true}]}}