{"id":3595,"date":"2025-03-11T15:58:42","date_gmt":"2025-03-11T14:58:42","guid":{"rendered":"https:\/\/gtselbe.hamburg.de\/?page_id=3595"},"modified":"2025-03-11T15:58:42","modified_gmt":"2025-03-11T14:58:42","slug":"schul-alltag-05-03-2025-der-gestiefelte-kater","status":"publish","type":"page","link":"https:\/\/gtselbe.hamburg.de\/?page_id=3595","title":{"rendered":"Schul-Alltag: 05.03.2025 &#8211; Der gestiefelte Kater"},"content":{"rendered":"<p>Klassen 2a und 2b<\/p>\n<p>Heute durften die zweiten Klassen die Premiere der M\u00e4rchenoper \u201eDer gestiefelte Kater\u201c erleben. Ein unvergessliches und einzigartiges Erlebnis f\u00fcr uns alle!<\/p>\n<p>Die aufwendigen Kost\u00fcme der Schauspieler waren beeindruckend und detailreich gestaltet, jedes einzelne passte perfekt zur Rolle. Besonders spannend war es, die Musik einer Oper kennenzulernen, denn Der gestiefelte Kater wurde als M\u00e4rchenoper inszeniert. Auch wenn wir nicht jedes gesungene Wort genau verstehen konnten, waren wir beeindruckt von den kraftvollen Stimmen und den unglaublichen H\u00f6hen, die die S\u00e4ngerinnen und S\u00e4nger erreichten. Ihr Talent und ihre Ausdrucksst\u00e4rke machten die Auff\u00fchrung zu einem besonderen Erlebnis, das uns noch lange in Erinnerung bleiben wird.<\/p>\n<p><img loading=\"lazy\" decoding=\"async\" class=\"alignnone size-large wp-image-3596\" src=\"https:\/\/gtselbe.hamburg.de\/wp-content\/uploads\/sites\/13\/2025\/03\/gestiefelte-Kater-1024x849.jpg\" alt=\"\" width=\"525\" height=\"435\" srcset=\"https:\/\/gtselbe.hamburg.de\/wp-content\/uploads\/sites\/13\/2025\/03\/gestiefelte-Kater-1024x849.jpg 1024w, https:\/\/gtselbe.hamburg.de\/wp-content\/uploads\/sites\/13\/2025\/03\/gestiefelte-Kater-300x249.jpg 300w, https:\/\/gtselbe.hamburg.de\/wp-content\/uploads\/sites\/13\/2025\/03\/gestiefelte-Kater-768x637.jpg 768w, https:\/\/gtselbe.hamburg.de\/wp-content\/uploads\/sites\/13\/2025\/03\/gestiefelte-Kater-1536x1274.jpg 1536w, https:\/\/gtselbe.hamburg.de\/wp-content\/uploads\/sites\/13\/2025\/03\/gestiefelte-Kater.jpg 1600w\" sizes=\"auto, (max-width: 525px) 100vw, 525px\" \/><\/p>\n","protected":false},"excerpt":{"rendered":"<p>Klassen 2a und 2b Heute durften die zweiten Klassen die Premiere der M\u00e4rchenoper \u201eDer gestiefelte Kater\u201c erleben. Ein unvergessliches und einzigartiges Erlebnis f\u00fcr uns alle! Die aufwendigen Kost\u00fcme der Schauspieler waren beeindruckend und detailreich gestaltet, jedes einzelne passte perfekt zur Rolle. Besonders spannend war es, die Musik einer Oper kennenzulernen, denn Der gestiefelte Kater wurde &hellip; <\/p>\n<p class=\"link-more\"><a href=\"https:\/\/gtselbe.hamburg.de\/?page_id=3595\" class=\"more-link\"><span class=\"screen-reader-text\">\u201eSchul-Alltag: 05.03.2025 &#8211; Der gestiefelte Kater\u201c <\/span>weiterlesen<\/a><\/p>\n","protected":false},"author":1587,"featured_media":0,"parent":0,"menu_order":0,"comment_status":"closed","ping_status":"closed","template":"","meta":{"_acf_changed":false,"footnotes":""},"class_list":["post-3595","page","type-page","status-publish","hentry"],"acf":[],"_links":{"self":[{"href":"https:\/\/gtselbe.hamburg.de\/index.php?rest_route=\/wp\/v2\/pages\/3595","targetHints":{"allow":["GET"]}}],"collection":[{"href":"https:\/\/gtselbe.hamburg.de\/index.php?rest_route=\/wp\/v2\/pages"}],"about":[{"href":"https:\/\/gtselbe.hamburg.de\/index.php?rest_route=\/wp\/v2\/types\/page"}],"author":[{"embeddable":true,"href":"https:\/\/gtselbe.hamburg.de\/index.php?rest_route=\/wp\/v2\/users\/1587"}],"replies":[{"embeddable":true,"href":"https:\/\/gtselbe.hamburg.de\/index.php?rest_route=%2Fwp%2Fv2%2Fcomments&post=3595"}],"version-history":[{"count":1,"href":"https:\/\/gtselbe.hamburg.de\/index.php?rest_route=\/wp\/v2\/pages\/3595\/revisions"}],"predecessor-version":[{"id":3597,"href":"https:\/\/gtselbe.hamburg.de\/index.php?rest_route=\/wp\/v2\/pages\/3595\/revisions\/3597"}],"wp:attachment":[{"href":"https:\/\/gtselbe.hamburg.de\/index.php?rest_route=%2Fwp%2Fv2%2Fmedia&parent=3595"}],"curies":[{"name":"wp","href":"https:\/\/api.w.org\/{rel}","templated":true}]}}

<p>Klassen 2a und 2b</p>
<p>Heute durften die zweiten Klassen die Premiere der Märchenoper „Der gestiefelte Kater“ erleben. Ein unvergessliches und einzigartiges Erlebnis für uns alle!</p>
<p>Die aufwendigen Kostüme der Schauspieler waren beeindruckend und detailreich gestaltet, jedes einzelne passte perfekt zur Rolle. Besonders spannend war es, die Musik einer Oper kennenzulernen, denn Der gestiefelte Kater wurde als Märchenoper inszeniert. Auch wenn wir nicht jedes gesungene Wort genau verstehen konnten, waren wir beeindruckt von den kraftvollen Stimmen und den unglaublichen Höhen, die die Sängerinnen und Sänger erreichten. Ihr Talent und ihre Ausdrucksstärke machten die Aufführung zu einem besonderen Erlebnis, das uns noch lange in Erinnerung bleiben wird.</p>
<p><img loading="lazy" decoding="async" class="alignnone size-large wp-image-3596" src="https://gtselbe.hamburg.de/wp-content/uploads/sites/13/2025/03/gestiefelte-Kater-1024x849.jpg" alt="" width="525" height="435" srcset="https://gtselbe.hamburg.de/wp-content/uploads/sites/13/2025/03/gestiefelte-Kater-1024x849.jpg 1024w, https://gtselbe.hamburg.de/wp-content/uploads/sites/13/2025/03/gestiefelte-Kater-300x249.jpg 300w, https://gtselbe.hamburg.de/wp-content/uploads/sites/13/2025/03/gestiefelte-Kater-768x637.jpg 768w, https://gtselbe.hamburg.de/wp-content/uploads/sites/13/2025/03/gestiefelte-Kater-1536x1274.jpg 1536w, https://gtselbe.hamburg.de/wp-content/uploads/sites/13/2025/03/gestiefelte-Kater.jpg 1600w" sizes="auto, (max-width: 525px) 100vw, 525px" /></p>

<p>Klassen 2a und 2b Heute durften die zweiten Klassen die Premiere der Märchenoper „Der gestiefelte Kater“ erleben. Ein unvergessliches und einzigartiges Erlebnis für uns alle! Die aufwendigen Kostüme der Schauspieler waren beeindruckend und detailreich gestaltet, jedes einzelne passte perfekt zur Rolle. Besonders spannend war es, die Musik einer Oper kennenzulernen, denn Der gestiefelte Kater wurde &hellip; </p>
<p class="link-more"><a href="https://gtselbe.hamburg.de/?page_id=3595" class="more-link"><span class="screen-reader-text">„Schul-Alltag: 05.03.2025 &#8211; Der gestiefelte Kater“ </span>weiterlesen</a></p>
