{"id":3656,"date":"2025-05-20T13:06:34","date_gmt":"2025-05-20T11:06:34","guid":{"rendered":"https:\/\/gtselbe.hamburg.de\/?page_id=3656"},"modified":"2025-05-20T13:07:30","modified_gmt":"2025-05-20T11:07:30","slug":"schul-alltag-28-04-2025-rathausbesuch","status":"publish","type":"page","link":"https:\/\/gtselbe.hamburg.de\/?page_id=3656","title":{"rendered":"Schul-Alltag: 28.04.2025 &#8211; Rathausbesuch"},"content":{"rendered":"<p>Klassen 3a\/3b<\/p>\n<p>Am 28.04. haben wir eine begleitete Tour durch das Rathaus gemacht. Wir gingen eine lange Treppe, die mit einem roten Teppich ausgelegt war, hinauf. Alle Kinder der 3a und 3b bekamen Ausweise zum Umh\u00e4ngen. An vielen Stellen gibt es Marmor, tolle Tapeten oder Verzierungen mit Blattgold. Im Plenarsaal durften wir uns auf die Pl\u00e4tze der Abgeordneten der Hamburgischen B\u00fcrgerschaft setzen. Wir haben abgestimmt, ob demn\u00e4chst alle Sch\u00fcler:innen vor der ersten Stunde f\u00fcnf Liegest\u00fctze machen sollen. Zum Gl\u00fcck hat die Mehrheit dagegen gestimmt. Viele unserer Fragen wurden beantwortet, zum Beispiel, ob es zwischen den Abgeordneten der Parteien manchmal Streit gibt und was dann passiert. Zum Schluss waren wir noch in dem gro\u00dfen Festsaal, wo richtig gro\u00dfe Veranstaltungen stattfinden. Hier gibt es viele riesengro\u00dfe Bilder, die von Hamburg erz\u00e4hlen.<\/p>\n<p>Pauline, 3b<\/p>\n<p><img loading=\"lazy\" decoding=\"async\" class=\"alignnone size-full wp-image-3657\" src=\"https:\/\/gtselbe.hamburg.de\/wp-content\/uploads\/sites\/13\/2025\/05\/image004.jpg\" alt=\"\" width=\"480\" height=\"640\" srcset=\"https:\/\/gtselbe.hamburg.de\/wp-content\/uploads\/sites\/13\/2025\/05\/image004.jpg 480w, https:\/\/gtselbe.hamburg.de\/wp-content\/uploads\/sites\/13\/2025\/05\/image004-225x300.jpg 225w\" sizes=\"auto, (max-width: 480px) 100vw, 480px\" \/> <img loading=\"lazy\" decoding=\"async\" class=\"alignnone size-large wp-image-3658\" src=\"https:\/\/gtselbe.hamburg.de\/wp-content\/uploads\/sites\/13\/2025\/05\/image005.jpg\" alt=\"\" width=\"480\" height=\"640\" srcset=\"https:\/\/gtselbe.hamburg.de\/wp-content\/uploads\/sites\/13\/2025\/05\/image005.jpg 480w, https:\/\/gtselbe.hamburg.de\/wp-content\/uploads\/sites\/13\/2025\/05\/image005-225x300.jpg 225w\" sizes=\"auto, (max-width: 480px) 100vw, 480px\" \/> <img loading=\"lazy\" decoding=\"async\" class=\"alignnone size-large wp-image-3659\" src=\"https:\/\/gtselbe.hamburg.de\/wp-content\/uploads\/sites\/13\/2025\/05\/image006.jpg\" alt=\"\" width=\"525\" height=\"394\" srcset=\"https:\/\/gtselbe.hamburg.de\/wp-content\/uploads\/sites\/13\/2025\/05\/image006.jpg 640w, https:\/\/gtselbe.hamburg.de\/wp-content\/uploads\/sites\/13\/2025\/05\/image006-300x225.jpg 300w\" sizes=\"auto, (max-width: 525px) 100vw, 525px\" \/> <img loading=\"lazy\" decoding=\"async\" class=\"alignnone size-large wp-image-3660\" src=\"https:\/\/gtselbe.hamburg.de\/wp-content\/uploads\/sites\/13\/2025\/05\/image001.jpg\" alt=\"\" width=\"525\" height=\"394\" srcset=\"https:\/\/gtselbe.hamburg.de\/wp-content\/uploads\/sites\/13\/2025\/05\/image001.jpg 640w, https:\/\/gtselbe.hamburg.de\/wp-content\/uploads\/sites\/13\/2025\/05\/image001-300x225.jpg 300w\" sizes=\"auto, (max-width: 525px) 100vw, 525px\" \/> <img loading=\"lazy\" decoding=\"async\" class=\"alignnone size-large wp-image-3661\" src=\"https:\/\/gtselbe.hamburg.de\/wp-content\/uploads\/sites\/13\/2025\/05\/image002.jpg\" alt=\"\" width=\"480\" height=\"640\" srcset=\"https:\/\/gtselbe.hamburg.de\/wp-content\/uploads\/sites\/13\/2025\/05\/image002.jpg 480w, https:\/\/gtselbe.hamburg.de\/wp-content\/uploads\/sites\/13\/2025\/05\/image002-225x300.jpg 225w\" sizes=\"auto, (max-width: 480px) 100vw, 480px\" \/> <img loading=\"lazy\" decoding=\"async\" class=\"alignnone size-large wp-image-3662\" src=\"https:\/\/gtselbe.hamburg.de\/wp-content\/uploads\/sites\/13\/2025\/05\/image003.jpg\" alt=\"\" width=\"480\" height=\"640\" srcset=\"https:\/\/gtselbe.hamburg.de\/wp-content\/uploads\/sites\/13\/2025\/05\/image003.jpg 480w, https:\/\/gtselbe.hamburg.de\/wp-content\/uploads\/sites\/13\/2025\/05\/image003-225x300.jpg 225w\" sizes=\"auto, (max-width: 480px) 100vw, 480px\" \/><\/p>\n<p>&nbsp;<\/p>\n","protected":false},"excerpt":{"rendered":"<p>Klassen 3a\/3b Am 28.04. haben wir eine begleitete Tour durch das Rathaus gemacht. Wir gingen eine lange Treppe, die mit einem roten Teppich ausgelegt war, hinauf. Alle Kinder der 3a und 3b bekamen Ausweise zum Umh\u00e4ngen. An vielen Stellen gibt es Marmor, tolle Tapeten oder Verzierungen mit Blattgold. Im Plenarsaal durften wir uns auf die &hellip; <\/p>\n<p class=\"link-more\"><a href=\"https:\/\/gtselbe.hamburg.de\/?page_id=3656\" class=\"more-link\"><span class=\"screen-reader-text\">\u201eSchul-Alltag: 28.04.2025 &#8211; Rathausbesuch\u201c <\/span>weiterlesen<\/a><\/p>\n","protected":false},"author":1587,"featured_media":0,"parent":0,"menu_order":0,"comment_status":"closed","ping_status":"closed","template":"","meta":{"_acf_changed":false,"footnotes":""},"class_list":["post-3656","page","type-page","status-publish","hentry"],"acf":[],"_links":{"self":[{"href":"https:\/\/gtselbe.hamburg.de\/index.php?rest_route=\/wp\/v2\/pages\/3656","targetHints":{"allow":["GET"]}}],"collection":[{"href":"https:\/\/gtselbe.hamburg.de\/index.php?rest_route=\/wp\/v2\/pages"}],"about":[{"href":"https:\/\/gtselbe.hamburg.de\/index.php?rest_route=\/wp\/v2\/types\/page"}],"author":[{"embeddable":true,"href":"https:\/\/gtselbe.hamburg.de\/index.php?rest_route=\/wp\/v2\/users\/1587"}],"replies":[{"embeddable":true,"href":"https:\/\/gtselbe.hamburg.de\/index.php?rest_route=%2Fwp%2Fv2%2Fcomments&post=3656"}],"version-history":[{"count":1,"href":"https:\/\/gtselbe.hamburg.de\/index.php?rest_route=\/wp\/v2\/pages\/3656\/revisions"}],"predecessor-version":[{"id":3663,"href":"https:\/\/gtselbe.hamburg.de\/index.php?rest_route=\/wp\/v2\/pages\/3656\/revisions\/3663"}],"wp:attachment":[{"href":"https:\/\/gtselbe.hamburg.de\/index.php?rest_route=%2Fwp%2Fv2%2Fmedia&parent=3656"}],"curies":[{"name":"wp","href":"https:\/\/api.w.org\/{rel}","templated":true}]}}