{"id":3708,"date":"2025-07-08T14:54:15","date_gmt":"2025-07-08T12:54:15","guid":{"rendered":"https:\/\/gtselbe.hamburg.de\/?page_id=3708"},"modified":"2025-07-08T14:54:15","modified_gmt":"2025-07-08T12:54:15","slug":"schul-alltag-04-07-2025-trinitatiskirche","status":"publish","type":"page","link":"https:\/\/gtselbe.hamburg.de\/?page_id=3708","title":{"rendered":"Schul-Alltag: 04.07.2025 &#8211; Trinitatiskirche"},"content":{"rendered":"<p>Klasse 4a, Unser Besuch in der Trinitatiskirche<\/p>\n<p>Wir, die Klasse 4a, haben einen spannenden Ausflug gemacht. Wir waren in der Trinitatiskirche. Schon am Eingang wurden wir herzlich von Pastor Morche begr\u00fc\u00dft.<\/p>\n<p>Gleich zu Beginn stellte er uns eine interessante Frage: \u201eWisst ihr, warum die Kirche so dicke W\u00e4nde hat?\u201c Wir waren uns nicht ganz sicher, doch der Pastor erkl\u00e4rte es uns. Die dicken Mauern halten den L\u00e4rm von drau\u00dfen fern, damit es im Inneren ganz still bleibt. So kann man besser zur Ruhe kommen, beten und nachdenken.<\/p>\n<p>Danach ging es richtig los: Wir haben eine Kirchenrallye gemacht! In kleinen Gruppen sind wir durch die Kirche gelaufen, haben Fragen beantwortet, R\u00e4tsel gel\u00f6st und ganz genau hingeschaut. Es gab viel zu entdecken, vom Altar bis zur Orgel.<\/p>\n<p>Am Ende haben wir alles zusammen besprochen. Wir durften auch eigene Fragen stellen, und der Pastor hat uns ebenfalls einige gestellt. Er war \u00fcberrascht, wie viel wir schon wissen.<\/p>\n<p>Ein rundum gelungener Besuch!<\/p>\n<p>Wir haben heute viel Neues gelernt und spannende Eindr\u00fccke gesammelt.<\/p>\n<p>Das Sch\u00f6nste, was wir mitnehmen, ist diese besondere Erkenntnis:<\/p>\n<p>Menschen k\u00f6nnen sich verstehen, auch wenn sie unterschiedliche Sprachen sprechen. Denn es gibt eine Sprache, die alle verbindet \u2013 die Sprache der Liebe.<\/p>\n<p><img loading=\"lazy\" decoding=\"async\" class=\"alignnone size-large wp-image-3709\" src=\"https:\/\/gtselbe.hamburg.de\/wp-content\/uploads\/sites\/13\/2025\/07\/IMG_4481-768x1024.jpeg\" alt=\"\" width=\"525\" height=\"700\" srcset=\"https:\/\/gtselbe.hamburg.de\/wp-content\/uploads\/sites\/13\/2025\/07\/IMG_4481-768x1024.jpeg 768w, https:\/\/gtselbe.hamburg.de\/wp-content\/uploads\/sites\/13\/2025\/07\/IMG_4481-225x300.jpeg 225w, https:\/\/gtselbe.hamburg.de\/wp-content\/uploads\/sites\/13\/2025\/07\/IMG_4481-1152x1536.jpeg 1152w, https:\/\/gtselbe.hamburg.de\/wp-content\/uploads\/sites\/13\/2025\/07\/IMG_4481.jpeg 1536w\" sizes=\"auto, (max-width: 525px) 100vw, 525px\" \/> <img loading=\"lazy\" decoding=\"async\" class=\"alignnone size-large wp-image-3710\" src=\"https:\/\/gtselbe.hamburg.de\/wp-content\/uploads\/sites\/13\/2025\/07\/IMG_4482-768x1024.jpeg\" alt=\"\" width=\"525\" height=\"700\" srcset=\"https:\/\/gtselbe.hamburg.de\/wp-content\/uploads\/sites\/13\/2025\/07\/IMG_4482-768x1024.jpeg 768w, https:\/\/gtselbe.hamburg.de\/wp-content\/uploads\/sites\/13\/2025\/07\/IMG_4482-225x300.jpeg 225w, https:\/\/gtselbe.hamburg.de\/wp-content\/uploads\/sites\/13\/2025\/07\/IMG_4482-1152x1536.jpeg 1152w, https:\/\/gtselbe.hamburg.de\/wp-content\/uploads\/sites\/13\/2025\/07\/IMG_4482.jpeg 1536w\" sizes=\"auto, (max-width: 525px) 100vw, 525px\" \/> <img loading=\"lazy\" decoding=\"async\" class=\"alignnone size-large wp-image-3711\" src=\"https:\/\/gtselbe.hamburg.de\/wp-content\/uploads\/sites\/13\/2025\/07\/IMG_4485-768x1024.jpeg\" alt=\"\" width=\"525\" height=\"700\" srcset=\"https:\/\/gtselbe.hamburg.de\/wp-content\/uploads\/sites\/13\/2025\/07\/IMG_4485-768x1024.jpeg 768w, https:\/\/gtselbe.hamburg.de\/wp-content\/uploads\/sites\/13\/2025\/07\/IMG_4485-225x300.jpeg 225w, https:\/\/gtselbe.hamburg.de\/wp-content\/uploads\/sites\/13\/2025\/07\/IMG_4485-1152x1536.jpeg 1152w, https:\/\/gtselbe.hamburg.de\/wp-content\/uploads\/sites\/13\/2025\/07\/IMG_4485.jpeg 1536w\" sizes=\"auto, (max-width: 525px) 100vw, 525px\" \/> <img loading=\"lazy\" decoding=\"async\" class=\"alignnone size-large wp-image-3712\" src=\"https:\/\/gtselbe.hamburg.de\/wp-content\/uploads\/sites\/13\/2025\/07\/IMG_4487-768x1024.jpeg\" alt=\"\" width=\"525\" height=\"700\" srcset=\"https:\/\/gtselbe.hamburg.de\/wp-content\/uploads\/sites\/13\/2025\/07\/IMG_4487-768x1024.jpeg 768w, https:\/\/gtselbe.hamburg.de\/wp-content\/uploads\/sites\/13\/2025\/07\/IMG_4487-225x300.jpeg 225w, https:\/\/gtselbe.hamburg.de\/wp-content\/uploads\/sites\/13\/2025\/07\/IMG_4487-1152x1536.jpeg 1152w, https:\/\/gtselbe.hamburg.de\/wp-content\/uploads\/sites\/13\/2025\/07\/IMG_4487.jpeg 1536w\" sizes=\"auto, (max-width: 525px) 100vw, 525px\" \/> <img loading=\"lazy\" decoding=\"async\" class=\"alignnone size-large wp-image-3713\" src=\"https:\/\/gtselbe.hamburg.de\/wp-content\/uploads\/sites\/13\/2025\/07\/IMG_4490-1024x768.jpeg\" alt=\"\" width=\"525\" height=\"394\" srcset=\"https:\/\/gtselbe.hamburg.de\/wp-content\/uploads\/sites\/13\/2025\/07\/IMG_4490-1024x768.jpeg 1024w, https:\/\/gtselbe.hamburg.de\/wp-content\/uploads\/sites\/13\/2025\/07\/IMG_4490-300x225.jpeg 300w, https:\/\/gtselbe.hamburg.de\/wp-content\/uploads\/sites\/13\/2025\/07\/IMG_4490-768x576.jpeg 768w, https:\/\/gtselbe.hamburg.de\/wp-content\/uploads\/sites\/13\/2025\/07\/IMG_4490-1536x1152.jpeg 1536w, https:\/\/gtselbe.hamburg.de\/wp-content\/uploads\/sites\/13\/2025\/07\/IMG_4490.jpeg 2048w\" sizes=\"auto, (max-width: 525px) 100vw, 525px\" \/> <img loading=\"lazy\" decoding=\"async\" class=\"alignnone size-large wp-image-3714\" src=\"https:\/\/gtselbe.hamburg.de\/wp-content\/uploads\/sites\/13\/2025\/07\/IMG_4476-768x1024.jpeg\" alt=\"\" width=\"525\" height=\"700\" srcset=\"https:\/\/gtselbe.hamburg.de\/wp-content\/uploads\/sites\/13\/2025\/07\/IMG_4476-768x1024.jpeg 768w, https:\/\/gtselbe.hamburg.de\/wp-content\/uploads\/sites\/13\/2025\/07\/IMG_4476-225x300.jpeg 225w, https:\/\/gtselbe.hamburg.de\/wp-content\/uploads\/sites\/13\/2025\/07\/IMG_4476-1152x1536.jpeg 1152w, https:\/\/gtselbe.hamburg.de\/wp-content\/uploads\/sites\/13\/2025\/07\/IMG_4476.jpeg 1536w\" sizes=\"auto, (max-width: 525px) 100vw, 525px\" \/> <img loading=\"lazy\" decoding=\"async\" class=\"alignnone size-large wp-image-3715\" src=\"https:\/\/gtselbe.hamburg.de\/wp-content\/uploads\/sites\/13\/2025\/07\/IMG_4480-768x1024.jpeg\" alt=\"\" width=\"525\" height=\"700\" srcset=\"https:\/\/gtselbe.hamburg.de\/wp-content\/uploads\/sites\/13\/2025\/07\/IMG_4480-768x1024.jpeg 768w, https:\/\/gtselbe.hamburg.de\/wp-content\/uploads\/sites\/13\/2025\/07\/IMG_4480-225x300.jpeg 225w, https:\/\/gtselbe.hamburg.de\/wp-content\/uploads\/sites\/13\/2025\/07\/IMG_4480-1152x1536.jpeg 1152w, https:\/\/gtselbe.hamburg.de\/wp-content\/uploads\/sites\/13\/2025\/07\/IMG_4480.jpeg 1536w\" sizes=\"auto, (max-width: 525px) 100vw, 525px\" \/><\/p>\n","protected":false},"excerpt":{"rendered":"<p>Klasse 4a, Unser Besuch in der Trinitatiskirche Wir, die Klasse 4a, haben einen spannenden Ausflug gemacht. Wir waren in der Trinitatiskirche. Schon am Eingang wurden wir herzlich von Pastor Morche begr\u00fc\u00dft. Gleich zu Beginn stellte er uns eine interessante Frage: \u201eWisst ihr, warum die Kirche so dicke W\u00e4nde hat?\u201c Wir waren uns nicht ganz sicher, &hellip; <\/p>\n<p class=\"link-more\"><a href=\"https:\/\/gtselbe.hamburg.de\/?page_id=3708\" class=\"more-link\"><span class=\"screen-reader-text\">\u201eSchul-Alltag: 04.07.2025 &#8211; Trinitatiskirche\u201c <\/span>weiterlesen<\/a><\/p>\n","protected":false},"author":1587,"featured_media":0,"parent":0,"menu_order":0,"comment_status":"closed","ping_status":"closed","template":"","meta":{"_acf_changed":false,"footnotes":""},"class_list":["post-3708","page","type-page","status-publish","hentry"],"acf":[],"_links":{"self":[{"href":"https:\/\/gtselbe.hamburg.de\/index.php?rest_route=\/wp\/v2\/pages\/3708","targetHints":{"allow":["GET"]}}],"collection":[{"href":"https:\/\/gtselbe.hamburg.de\/index.php?rest_route=\/wp\/v2\/pages"}],"about":[{"href":"https:\/\/gtselbe.hamburg.de\/index.php?rest_route=\/wp\/v2\/types\/page"}],"author":[{"embeddable":true,"href":"https:\/\/gtselbe.hamburg.de\/index.php?rest_route=\/wp\/v2\/users\/1587"}],"replies":[{"embeddable":true,"href":"https:\/\/gtselbe.hamburg.de\/index.php?rest_route=%2Fwp%2Fv2%2Fcomments&post=3708"}],"version-history":[{"count":1,"href":"https:\/\/gtselbe.hamburg.de\/index.php?rest_route=\/wp\/v2\/pages\/3708\/revisions"}],"predecessor-version":[{"id":3716,"href":"https:\/\/gtselbe.hamburg.de\/index.php?rest_route=\/wp\/v2\/pages\/3708\/revisions\/3716"}],"wp:attachment":[{"href":"https:\/\/gtselbe.hamburg.de\/index.php?rest_route=%2Fwp%2Fv2%2Fmedia&parent=3708"}],"curies":[{"name":"wp","href":"https:\/\/api.w.org\/{rel}","templated":true}]}}