{"id":3760,"date":"2025-09-19T10:58:59","date_gmt":"2025-09-19T08:58:59","guid":{"rendered":"https:\/\/gtselbe.hamburg.de\/?page_id=3760"},"modified":"2025-09-25T13:54:27","modified_gmt":"2025-09-25T11:54:27","slug":"05-09-2025-ausflug-zum-rueschpark","status":"publish","type":"page","link":"https:\/\/gtselbe.hamburg.de\/?page_id=3760","title":{"rendered":"05.09.25: [Alle] Ausflug zum R\u00fcschpark"},"content":{"rendered":"<p>\u2026und zum Schulbeginn noch einmal eine \u201eKreuzfahrt\u201c auf der Elbe<\/p>\n<p>Tats\u00e4chlich: Erst der zweite Schultag nach sooo langen Sommerferien und schon wieder \u201eReisen\u201c? So richtig glauben wollte es keiner, aber am Freitagmorgen war es dann doch soweit: Die Rucks\u00e4cke geschultert, und auf ging es zur ersten \u201eKreuzfahrt\u201c im neuen Schuljahr. Ein kurzer Fu\u00dfweg zum Anleger Altona, den \u201eKreuzfahrtdampfer\u201c der Hadag betreten, gut 30 Minuten auf hoher See, umsteigen in Finkenwerder und Endstation war der Anleger R\u00fcschpark, nahe des Airbusgel\u00e4ndes. Von dort \u201ekreisten\u201c wir unser Ziel ein, denn erst einmal ging\u2019s in die falsche Richtung, nochmals hin, zur\u00fcck, im Kreis und endlich war das Ziel erreicht! Nach einer so langen Wanderung mussten sich alle durch ein ausgiebiges Fr\u00fchst\u00fcck st\u00e4rken und konnten dann erst die tollen Spielger\u00e4te in Beschlag nehmen. Und es machte Spa\u00df \ud83d\ude0a!<br \/>\nGef\u00fchlt kaum angekommen traten wir dann auch schon den R\u00fcckweg an. Diesmal ohne Umwege direkt zum Anleger R\u00fcschpark und genauso wie wir unsere \u201eKreuzfahrt\u201c begonnen hatten, war dann auch die R\u00fcckfahrt. Vorbei an gro\u00dfen Schiffen und Kaianlagen, mit tollem Blick auf das n\u00f6rdliche Elbufer zum Anleger Altona.<br \/>\nEin toller Ausflug, mit allem, was Hamburg so zu bieten hat: Wind, Sonne, Wellen, Schiffe und gr\u00fcne Parks mit Spielpl\u00e4tzen. Einfach toll und n\u00e4chstes Jahr gerne wieder mit so tollen Sch\u00fclerinnen und Sch\u00fclern.<\/p>\n<p><img loading=\"lazy\" decoding=\"async\" class=\"alignnone size-large wp-image-3786\" src=\"https:\/\/gtselbe.hamburg.de\/wp-content\/uploads\/sites\/13\/2025\/09\/Rueschpark2-1024x768.jpg\" alt=\"\" width=\"525\" height=\"394\" srcset=\"https:\/\/gtselbe.hamburg.de\/wp-content\/uploads\/sites\/13\/2025\/09\/Rueschpark2-1024x768.jpg 1024w, https:\/\/gtselbe.hamburg.de\/wp-content\/uploads\/sites\/13\/2025\/09\/Rueschpark2-300x225.jpg 300w, https:\/\/gtselbe.hamburg.de\/wp-content\/uploads\/sites\/13\/2025\/09\/Rueschpark2-768x576.jpg 768w, https:\/\/gtselbe.hamburg.de\/wp-content\/uploads\/sites\/13\/2025\/09\/Rueschpark2-1536x1152.jpg 1536w, https:\/\/gtselbe.hamburg.de\/wp-content\/uploads\/sites\/13\/2025\/09\/Rueschpark2.jpg 2016w\" sizes=\"auto, (max-width: 525px) 100vw, 525px\" \/> <img loading=\"lazy\" decoding=\"async\" class=\"alignnone size-large wp-image-3787\" src=\"https:\/\/gtselbe.hamburg.de\/wp-content\/uploads\/sites\/13\/2025\/09\/Rueschpark3-1024x768.jpg\" alt=\"\" width=\"525\" height=\"394\" srcset=\"https:\/\/gtselbe.hamburg.de\/wp-content\/uploads\/sites\/13\/2025\/09\/Rueschpark3-1024x768.jpg 1024w, https:\/\/gtselbe.hamburg.de\/wp-content\/uploads\/sites\/13\/2025\/09\/Rueschpark3-300x225.jpg 300w, https:\/\/gtselbe.hamburg.de\/wp-content\/uploads\/sites\/13\/2025\/09\/Rueschpark3-768x576.jpg 768w, https:\/\/gtselbe.hamburg.de\/wp-content\/uploads\/sites\/13\/2025\/09\/Rueschpark3-1536x1152.jpg 1536w, https:\/\/gtselbe.hamburg.de\/wp-content\/uploads\/sites\/13\/2025\/09\/Rueschpark3.jpg 2016w\" sizes=\"auto, (max-width: 525px) 100vw, 525px\" \/> <img loading=\"lazy\" decoding=\"async\" class=\"alignnone size-large wp-image-3788\" src=\"https:\/\/gtselbe.hamburg.de\/wp-content\/uploads\/sites\/13\/2025\/09\/Rueschpark4-1024x768.jpg\" alt=\"\" width=\"525\" height=\"394\" srcset=\"https:\/\/gtselbe.hamburg.de\/wp-content\/uploads\/sites\/13\/2025\/09\/Rueschpark4-1024x768.jpg 1024w, https:\/\/gtselbe.hamburg.de\/wp-content\/uploads\/sites\/13\/2025\/09\/Rueschpark4-300x225.jpg 300w, https:\/\/gtselbe.hamburg.de\/wp-content\/uploads\/sites\/13\/2025\/09\/Rueschpark4-768x576.jpg 768w, https:\/\/gtselbe.hamburg.de\/wp-content\/uploads\/sites\/13\/2025\/09\/Rueschpark4-1536x1152.jpg 1536w, https:\/\/gtselbe.hamburg.de\/wp-content\/uploads\/sites\/13\/2025\/09\/Rueschpark4.jpg 2016w\" sizes=\"auto, (max-width: 525px) 100vw, 525px\" \/> <img loading=\"lazy\" decoding=\"async\" class=\"alignnone size-large wp-image-3789\" src=\"https:\/\/gtselbe.hamburg.de\/wp-content\/uploads\/sites\/13\/2025\/09\/Rueschpark1-768x1024.jpg\" alt=\"\" width=\"525\" height=\"700\" srcset=\"https:\/\/gtselbe.hamburg.de\/wp-content\/uploads\/sites\/13\/2025\/09\/Rueschpark1-768x1024.jpg 768w, https:\/\/gtselbe.hamburg.de\/wp-content\/uploads\/sites\/13\/2025\/09\/Rueschpark1-225x300.jpg 225w, https:\/\/gtselbe.hamburg.de\/wp-content\/uploads\/sites\/13\/2025\/09\/Rueschpark1-1152x1536.jpg 1152w, https:\/\/gtselbe.hamburg.de\/wp-content\/uploads\/sites\/13\/2025\/09\/Rueschpark1.jpg 1512w\" sizes=\"auto, (max-width: 525px) 100vw, 525px\" \/><\/p>\n","protected":false},"excerpt":{"rendered":"<p>\u2026und zum Schulbeginn noch einmal eine \u201eKreuzfahrt\u201c auf der Elbe Tats\u00e4chlich: Erst der zweite Schultag nach sooo langen Sommerferien und schon wieder \u201eReisen\u201c? So richtig glauben wollte es keiner, aber am Freitagmorgen war es dann doch soweit: Die Rucks\u00e4cke geschultert, und auf ging es zur ersten \u201eKreuzfahrt\u201c im neuen Schuljahr. Ein kurzer Fu\u00dfweg zum Anleger &hellip; <\/p>\n<p class=\"link-more\"><a href=\"https:\/\/gtselbe.hamburg.de\/?page_id=3760\" class=\"more-link\"><span class=\"screen-reader-text\">\u201e05.09.25: [Alle] Ausflug zum R\u00fcschpark\u201c <\/span>weiterlesen<\/a><\/p>\n","protected":false},"author":1587,"featured_media":0,"parent":0,"menu_order":0,"comment_status":"closed","ping_status":"closed","template":"","meta":{"_acf_changed":false,"footnotes":""},"class_list":["post-3760","page","type-page","status-publish","hentry"],"acf":[],"_links":{"self":[{"href":"https:\/\/gtselbe.hamburg.de\/index.php?rest_route=\/wp\/v2\/pages\/3760","targetHints":{"allow":["GET"]}}],"collection":[{"href":"https:\/\/gtselbe.hamburg.de\/index.php?rest_route=\/wp\/v2\/pages"}],"about":[{"href":"https:\/\/gtselbe.hamburg.de\/index.php?rest_route=\/wp\/v2\/types\/page"}],"author":[{"embeddable":true,"href":"https:\/\/gtselbe.hamburg.de\/index.php?rest_route=\/wp\/v2\/users\/1587"}],"replies":[{"embeddable":true,"href":"https:\/\/gtselbe.hamburg.de\/index.php?rest_route=%2Fwp%2Fv2%2Fcomments&post=3760"}],"version-history":[{"count":4,"href":"https:\/\/gtselbe.hamburg.de\/index.php?rest_route=\/wp\/v2\/pages\/3760\/revisions"}],"predecessor-version":[{"id":3823,"href":"https:\/\/gtselbe.hamburg.de\/index.php?rest_route=\/wp\/v2\/pages\/3760\/revisions\/3823"}],"wp:attachment":[{"href":"https:\/\/gtselbe.hamburg.de\/index.php?rest_route=%2Fwp%2Fv2%2Fmedia&parent=3760"}],"curies":[{"name":"wp","href":"https:\/\/api.w.org\/{rel}","templated":true}]}}