{"id":3902,"date":"2025-11-27T13:59:57","date_gmt":"2025-11-27T12:59:57","guid":{"rendered":"https:\/\/gtselbe.hamburg.de\/?page_id=3902"},"modified":"2025-11-27T13:59:57","modified_gmt":"2025-11-27T12:59:57","slug":"20-11-25-klasse-3a-und-21-11-25-klasse-3b-workshop-saiteninstrumente-in-der-elbphilharmonie","status":"publish","type":"page","link":"https:\/\/gtselbe.hamburg.de\/?page_id=3902","title":{"rendered":"20.11.25 [Klasse 3a] und 21.11.25 [Klasse 3b]: Workshop Saiteninstrumente in der Elbphilharmonie"},"content":{"rendered":"<p>Am Donnerstag und Freitag durfte der 3. Jahrgang an einem spannenden Saiteninstrumentenworkshop in der Elbphilharmonie teilnehmen. Die Stimmung war super, und wir haben unglaublich viel \u00fcber Saiteninstrumente gelernt. Zuerst gab es einen kleinen Theorieteil. Wir sollten gemeinsam herausfinden, auf welche Arten man ein Saiteninstrument spielen kann:\u00a0schlagen,\u00a0streichen\u00a0oder\u00a0zupfen. Dabei haben wir gemerkt, wie unterschiedlich die Kl\u00e4nge dadurch werden.<\/p>\n<p>Danach ging es endlich ans Ausprobieren. Wir haben viele Saiteninstrumente aus aller Welt kennengelernt und durften sie nat\u00fcrlich auch selbst spielen. Besonders viel Spa\u00df hat es uns gemacht, eigene kleine Musikst\u00fccke zu erfinden und auszuprobieren.<\/p>\n<p>Zum Schluss wartete eine tolle \u00dcberraschung auf uns: Wir durften echte Orchesterinstrumente spielen \u2013\u00a0Harfe, Kontrabass, Violine, Bratsche und Cello. Die Instrumente klangen wundersch\u00f6n und wir waren begeistert, wie unterschiedlich sie sich anf\u00fchlen und anh\u00f6ren.<\/p>\n<p>Was f\u00fcr ein sch\u00f6nes Erlebnis! Der n\u00e4chste Workshop kann kommen \u2013 wir freuen uns schon.<\/p>\n<p><img loading=\"lazy\" decoding=\"async\" class=\"alignnone size-large wp-image-3903\" src=\"https:\/\/gtselbe.hamburg.de\/wp-content\/uploads\/sites\/13\/2025\/11\/ELBimage005-768x1024.jpg\" alt=\"\" width=\"525\" height=\"700\" srcset=\"https:\/\/gtselbe.hamburg.de\/wp-content\/uploads\/sites\/13\/2025\/11\/ELBimage005-768x1024.jpg 768w, https:\/\/gtselbe.hamburg.de\/wp-content\/uploads\/sites\/13\/2025\/11\/ELBimage005-225x300.jpg 225w, https:\/\/gtselbe.hamburg.de\/wp-content\/uploads\/sites\/13\/2025\/11\/ELBimage005-1152x1536.jpg 1152w, https:\/\/gtselbe.hamburg.de\/wp-content\/uploads\/sites\/13\/2025\/11\/ELBimage005.jpg 1536w\" sizes=\"auto, (max-width: 525px) 100vw, 525px\" \/> <img loading=\"lazy\" decoding=\"async\" class=\"alignnone size-large wp-image-3904\" src=\"https:\/\/gtselbe.hamburg.de\/wp-content\/uploads\/sites\/13\/2025\/11\/ELBimage006.jpg\" alt=\"\" width=\"240\" height=\"320\" srcset=\"https:\/\/gtselbe.hamburg.de\/wp-content\/uploads\/sites\/13\/2025\/11\/ELBimage006.jpg 240w, https:\/\/gtselbe.hamburg.de\/wp-content\/uploads\/sites\/13\/2025\/11\/ELBimage006-225x300.jpg 225w\" sizes=\"auto, (max-width: 240px) 100vw, 240px\" \/> <img loading=\"lazy\" decoding=\"async\" class=\"alignnone size-large wp-image-3905\" src=\"https:\/\/gtselbe.hamburg.de\/wp-content\/uploads\/sites\/13\/2025\/11\/ELBimage001-1024x768.jpg\" alt=\"\" width=\"525\" height=\"394\" srcset=\"https:\/\/gtselbe.hamburg.de\/wp-content\/uploads\/sites\/13\/2025\/11\/ELBimage001-1024x768.jpg 1024w, https:\/\/gtselbe.hamburg.de\/wp-content\/uploads\/sites\/13\/2025\/11\/ELBimage001-300x225.jpg 300w, https:\/\/gtselbe.hamburg.de\/wp-content\/uploads\/sites\/13\/2025\/11\/ELBimage001-768x576.jpg 768w, https:\/\/gtselbe.hamburg.de\/wp-content\/uploads\/sites\/13\/2025\/11\/ELBimage001-1536x1152.jpg 1536w, https:\/\/gtselbe.hamburg.de\/wp-content\/uploads\/sites\/13\/2025\/11\/ELBimage001.jpg 1600w\" sizes=\"auto, (max-width: 525px) 100vw, 525px\" \/> <img loading=\"lazy\" decoding=\"async\" class=\"alignnone size-large wp-image-3906\" src=\"https:\/\/gtselbe.hamburg.de\/wp-content\/uploads\/sites\/13\/2025\/11\/ELBimage002-768x1024.jpg\" alt=\"\" width=\"525\" height=\"700\" srcset=\"https:\/\/gtselbe.hamburg.de\/wp-content\/uploads\/sites\/13\/2025\/11\/ELBimage002-768x1024.jpg 768w, https:\/\/gtselbe.hamburg.de\/wp-content\/uploads\/sites\/13\/2025\/11\/ELBimage002-225x300.jpg 225w, https:\/\/gtselbe.hamburg.de\/wp-content\/uploads\/sites\/13\/2025\/11\/ELBimage002-1152x1536.jpg 1152w, https:\/\/gtselbe.hamburg.de\/wp-content\/uploads\/sites\/13\/2025\/11\/ELBimage002.jpg 1200w\" sizes=\"auto, (max-width: 525px) 100vw, 525px\" \/> <img loading=\"lazy\" decoding=\"async\" class=\"alignnone size-large wp-image-3907\" src=\"https:\/\/gtselbe.hamburg.de\/wp-content\/uploads\/sites\/13\/2025\/11\/ELBimage003-1024x768.jpg\" alt=\"\" width=\"525\" height=\"394\" srcset=\"https:\/\/gtselbe.hamburg.de\/wp-content\/uploads\/sites\/13\/2025\/11\/ELBimage003-1024x768.jpg 1024w, https:\/\/gtselbe.hamburg.de\/wp-content\/uploads\/sites\/13\/2025\/11\/ELBimage003-300x225.jpg 300w, https:\/\/gtselbe.hamburg.de\/wp-content\/uploads\/sites\/13\/2025\/11\/ELBimage003-768x576.jpg 768w, https:\/\/gtselbe.hamburg.de\/wp-content\/uploads\/sites\/13\/2025\/11\/ELBimage003-1536x1152.jpg 1536w, https:\/\/gtselbe.hamburg.de\/wp-content\/uploads\/sites\/13\/2025\/11\/ELBimage003.jpg 2048w\" sizes=\"auto, (max-width: 525px) 100vw, 525px\" \/> <img loading=\"lazy\" decoding=\"async\" class=\"alignnone size-large wp-image-3908\" src=\"https:\/\/gtselbe.hamburg.de\/wp-content\/uploads\/sites\/13\/2025\/11\/ELBimage004.jpg\" alt=\"\" width=\"240\" height=\"320\" srcset=\"https:\/\/gtselbe.hamburg.de\/wp-content\/uploads\/sites\/13\/2025\/11\/ELBimage004.jpg 240w, https:\/\/gtselbe.hamburg.de\/wp-content\/uploads\/sites\/13\/2025\/11\/ELBimage004-225x300.jpg 225w\" sizes=\"auto, (max-width: 240px) 100vw, 240px\" \/><\/p>\n","protected":false},"excerpt":{"rendered":"<p>Am Donnerstag und Freitag durfte der 3. Jahrgang an einem spannenden Saiteninstrumentenworkshop in der Elbphilharmonie teilnehmen. Die Stimmung war super, und wir haben unglaublich viel \u00fcber Saiteninstrumente gelernt. Zuerst gab es einen kleinen Theorieteil. Wir sollten gemeinsam herausfinden, auf welche Arten man ein Saiteninstrument spielen kann:\u00a0schlagen,\u00a0streichen\u00a0oder\u00a0zupfen. Dabei haben wir gemerkt, wie unterschiedlich die Kl\u00e4nge dadurch &hellip; <\/p>\n<p class=\"link-more\"><a href=\"https:\/\/gtselbe.hamburg.de\/?page_id=3902\" class=\"more-link\"><span class=\"screen-reader-text\">\u201e20.11.25 [Klasse 3a] und 21.11.25 [Klasse 3b]: Workshop Saiteninstrumente in der Elbphilharmonie\u201c <\/span>weiterlesen<\/a><\/p>\n","protected":false},"author":1587,"featured_media":0,"parent":0,"menu_order":0,"comment_status":"closed","ping_status":"closed","template":"","meta":{"_acf_changed":false,"footnotes":""},"class_list":["post-3902","page","type-page","status-publish","hentry"],"acf":[],"_links":{"self":[{"href":"https:\/\/gtselbe.hamburg.de\/index.php?rest_route=\/wp\/v2\/pages\/3902","targetHints":{"allow":["GET"]}}],"collection":[{"href":"https:\/\/gtselbe.hamburg.de\/index.php?rest_route=\/wp\/v2\/pages"}],"about":[{"href":"https:\/\/gtselbe.hamburg.de\/index.php?rest_route=\/wp\/v2\/types\/page"}],"author":[{"embeddable":true,"href":"https:\/\/gtselbe.hamburg.de\/index.php?rest_route=\/wp\/v2\/users\/1587"}],"replies":[{"embeddable":true,"href":"https:\/\/gtselbe.hamburg.de\/index.php?rest_route=%2Fwp%2Fv2%2Fcomments&post=3902"}],"version-history":[{"count":1,"href":"https:\/\/gtselbe.hamburg.de\/index.php?rest_route=\/wp\/v2\/pages\/3902\/revisions"}],"predecessor-version":[{"id":3909,"href":"https:\/\/gtselbe.hamburg.de\/index.php?rest_route=\/wp\/v2\/pages\/3902\/revisions\/3909"}],"wp:attachment":[{"href":"https:\/\/gtselbe.hamburg.de\/index.php?rest_route=%2Fwp%2Fv2%2Fmedia&parent=3902"}],"curies":[{"name":"wp","href":"https:\/\/api.w.org\/{rel}","templated":true}]}}