{"id":71,"date":"2015-01-06T18:19:05","date_gmt":"2015-01-06T17:19:05","guid":{"rendered":"http:\/\/gtselbe.schulhomepages.hamburg.de\/?page_id=71"},"modified":"2022-09-14T14:24:16","modified_gmt":"2022-09-14T12:24:16","slug":"lernen-und-arbeiten-in-der-schule","status":"publish","type":"page","link":"https:\/\/gtselbe.hamburg.de\/?page_id=71","title":{"rendered":"Lernen und Arbeiten in der Schule"},"content":{"rendered":"<p style=\"text-align: center\"><img loading=\"lazy\" decoding=\"async\" class=\"alignnone size-medium wp-image-806\" src=\"https:\/\/gtselbe.hamburg.de\/wp-content\/uploads\/sites\/13\/2021\/03\/2010_10_Schule_168-200x300.jpg\" alt=\"\" width=\"200\" height=\"300\" srcset=\"https:\/\/gtselbe.hamburg.de\/wp-content\/uploads\/sites\/13\/2021\/03\/2010_10_Schule_168-200x300.jpg 200w, https:\/\/gtselbe.hamburg.de\/wp-content\/uploads\/sites\/13\/2021\/03\/2010_10_Schule_168.jpg 667w\" sizes=\"auto, (max-width: 200px) 100vw, 200px\" \/><\/p>\n<p><span style=\"font-size: 14pt;font-family: tahoma, arial, helvetica, sans-serif\">Nachhaltig und effektiv lernen kann man vor allem dann gut, wenn man sich in seiner Lernumgebung wohlf\u00fchlt und vertrauensvolle Beziehungen aufbauen kann. Wir sehen unsere Schule als Lern- und Lebensort, der von der Schulgemeinschaft mitgestaltet und getragen wird. Unsere Schulregeln sind dabei die Grundlage f\u00fcr ein soziales Miteinander.<\/span><\/p>\n<p><span style=\"font-size: 14pt;font-family: tahoma, arial, helvetica, sans-serif\">Um die Schulgemeinschaft zu st\u00e4rken und auch die \u201eGro\u00dfen\u201c mit den \u201eKleinen\u201c zusammenzubringen, werden die Kurse am Nachmittag klassen- und jahrgangs\u00fcbergreifend angeboten. Zus\u00e4tzlich finden regelm\u00e4\u00dfig jahrgangs\u00fcbergreifende Veranstaltungen, wie beispielsweise unser Fr\u00fchlingslauf, der Lesezauber oder das Adventssingen statt, zu dem auch die Eltern eingeladen sind.<\/span><\/p>\n<p><span style=\"font-size: 14pt;font-family: tahoma, arial, helvetica, sans-serif\">Auch der Unterricht findet nicht hinter \u201everschlossenen T\u00fcren\u201c statt. Unsere Lehrer:innen arbeiten in Jahrgangsteams eng zusammen und werden von Sonderp\u00e4dagog:innen und Erzieher:innen unterst\u00fctzt. Neben der Abstimmung von Unterrichtsinhalten und -materialien, die sich an unseren schulinternen Stoffverteilungspl\u00e4nen orientieren, werden in unseren regelm\u00e4\u00dfigen Teamsitzungen auch F\u00f6rderma\u00dfnahmen und aktuelle \u00fcberfachliche Klassenthemen abgestimmt.<\/span><\/p>\n<p><span style=\"font-size: 14pt;font-family: tahoma, arial, helvetica, sans-serif\">Die Sch\u00fcler:innen lernen in Klassen-, Gruppen- und Fachr\u00e4umen. Ihnen wird eine Lernumgebung bereitet, in der sie neben den fachlichen Kompetenzen auch lernen<\/span><\/p>\n<ul>\n<li><span style=\"font-size: 14pt;font-family: tahoma, arial, helvetica, sans-serif\">selbstst\u00e4ndig zu arbeiten,<\/span><\/li>\n<li><span style=\"font-size: 14pt;font-family: tahoma, arial, helvetica, sans-serif\">mutig auf Neues zuzugehen,<\/span><\/li>\n<li><span style=\"font-size: 14pt;font-family: tahoma, arial, helvetica, sans-serif\">Aufgaben sorgf\u00e4ltig und z\u00fcgig zu bearbeiten und<\/span><\/li>\n<li><span style=\"font-size: 14pt;font-family: tahoma, arial, helvetica, sans-serif\">mit anderen zusammen zu arbeiten.<\/span><\/li>\n<\/ul>\n<p style=\"text-align: center\"><img loading=\"lazy\" decoding=\"async\" class=\"alignnone size-medium wp-image-805\" src=\"https:\/\/gtselbe.hamburg.de\/wp-content\/uploads\/sites\/13\/2021\/03\/IMG_6024-200x300.jpg\" alt=\"\" width=\"200\" height=\"300\" srcset=\"https:\/\/gtselbe.hamburg.de\/wp-content\/uploads\/sites\/13\/2021\/03\/IMG_6024-200x300.jpg 200w, https:\/\/gtselbe.hamburg.de\/wp-content\/uploads\/sites\/13\/2021\/03\/IMG_6024-683x1024.jpg 683w, https:\/\/gtselbe.hamburg.de\/wp-content\/uploads\/sites\/13\/2021\/03\/IMG_6024-768x1152.jpg 768w, https:\/\/gtselbe.hamburg.de\/wp-content\/uploads\/sites\/13\/2021\/03\/IMG_6024-1024x1536.jpg 1024w, https:\/\/gtselbe.hamburg.de\/wp-content\/uploads\/sites\/13\/2021\/03\/IMG_6024.jpg 1365w\" sizes=\"auto, (max-width: 200px) 100vw, 200px\" \/><\/p>\n<p><span style=\"font-size: 14pt;font-family: tahoma, arial, helvetica, sans-serif\">Dabei ist es uns wichtig, dass jedes Kind entsprechend seiner Begabungen und F\u00e4higkeiten gefordert und gef\u00f6rdert wird. Aus diesem Grund bem\u00fchen wir uns, mit den Kindern entsprechend ihrer Lernausgangslage individuelle Lernziele zu definieren und sie beim selbstst\u00e4ndigen Lernen zu unterst\u00fctzen.<\/span><\/p>\n<p><span style=\"font-size: 14pt;font-family: tahoma, arial, helvetica, sans-serif\">An der Ganztagsschule an der Elbe lernen die Sch\u00fcler:innen in unterschiedlichen Arbeits- und Organisationsformen: Sie arbeiten anhand individueller Lernp\u00e4sse, an Stationen und in Werkst\u00e4tten. Dabei erwerben sie \u00fcber die fachlichen Kompetenzen hinaus wichtige F\u00e4higkeiten und Fertigkeiten, die sie w\u00e4hrend ihrer Schullaufbahn und dar\u00fcber hinaus ben\u00f6tigen.<\/span><\/p>\n<p style=\"text-align: center\">\n","protected":false},"excerpt":{"rendered":"<p>Nachhaltig und effektiv lernen kann man vor allem dann gut, wenn man sich in seiner Lernumgebung wohlf\u00fchlt und vertrauensvolle Beziehungen aufbauen kann. Wir sehen unsere Schule als Lern- und Lebensort, der von der Schulgemeinschaft mitgestaltet und getragen wird. Unsere Schulregeln sind dabei die Grundlage f\u00fcr ein soziales Miteinander. Um die Schulgemeinschaft zu st\u00e4rken und auch &hellip; <\/p>\n<p class=\"link-more\"><a href=\"https:\/\/gtselbe.hamburg.de\/?page_id=71\" class=\"more-link\"><span class=\"screen-reader-text\">\u201eLernen und Arbeiten in der Schule\u201c <\/span>weiterlesen<\/a><\/p>\n","protected":false},"author":8,"featured_media":0,"parent":0,"menu_order":0,"comment_status":"closed","ping_status":"closed","template":"","meta":{"_acf_changed":false,"footnotes":""},"class_list":["post-71","page","type-page","status-publish","hentry"],"acf":[],"_links":{"self":[{"href":"https:\/\/gtselbe.hamburg.de\/index.php?rest_route=\/wp\/v2\/pages\/71","targetHints":{"allow":["GET"]}}],"collection":[{"href":"https:\/\/gtselbe.hamburg.de\/index.php?rest_route=\/wp\/v2\/pages"}],"about":[{"href":"https:\/\/gtselbe.hamburg.de\/index.php?rest_route=\/wp\/v2\/types\/page"}],"author":[{"embeddable":true,"href":"https:\/\/gtselbe.hamburg.de\/index.php?rest_route=\/wp\/v2\/users\/8"}],"replies":[{"embeddable":true,"href":"https:\/\/gtselbe.hamburg.de\/index.php?rest_route=%2Fwp%2Fv2%2Fcomments&post=71"}],"version-history":[{"count":7,"href":"https:\/\/gtselbe.hamburg.de\/index.php?rest_route=\/wp\/v2\/pages\/71\/revisions"}],"predecessor-version":[{"id":1510,"href":"https:\/\/gtselbe.hamburg.de\/index.php?rest_route=\/wp\/v2\/pages\/71\/revisions\/1510"}],"wp:attachment":[{"href":"https:\/\/gtselbe.hamburg.de\/index.php?rest_route=%2Fwp%2Fv2%2Fmedia&parent=71"}],"curies":[{"name":"wp","href":"https:\/\/api.w.org\/{rel}","templated":true}]}}