{"id":882,"date":"2021-04-07T15:04:58","date_gmt":"2021-04-07T13:04:58","guid":{"rendered":"https:\/\/gtselbe.hamburg.de\/?page_id=882"},"modified":"2022-09-14T15:46:57","modified_gmt":"2022-09-14T13:46:57","slug":"leitbild-2","status":"publish","type":"page","link":"https:\/\/gtselbe.hamburg.de\/?page_id=882","title":{"rendered":"Leitbild"},"content":{"rendered":"<p><img loading=\"lazy\" decoding=\"async\" class=\"wp-image-727 aligncenter\" src=\"https:\/\/gtselbe.hamburg.de\/wp-content\/uploads\/sites\/13\/2021\/03\/Logo-1-e1614597730178.jpg\" alt=\"\" width=\"182\" height=\"134\" \/><\/p>\n<p style=\"text-align: center\"><strong><span style=\"font-size: 14pt;font-family: tahoma, arial, helvetica, sans-serif\">Gemeinsam segeln wir zum Ziel!<\/span><\/strong><\/p>\n<p style=\"text-align: center\"><strong><span style=\"font-size: 14pt;font-family: tahoma, arial, helvetica, sans-serif\">Wir sehen uns als eine Schulgemeinschaft, in der alle miteinander auf Augenh\u00f6he leben. <\/span><\/strong><\/p>\n<p style=\"text-align: center\"><strong><span style=\"font-size: 14pt;font-family: tahoma, arial, helvetica, sans-serif\">Achtung und Toleranz sind die Leitlinien unseres Handelns. <\/span><\/strong><\/p>\n<p style=\"text-align: center\"><strong><span style=\"font-size: 14pt;font-family: tahoma, arial, helvetica, sans-serif\">Alle an der Schule Beteiligten \u00fcbernehmen die Verantwortung f\u00fcr die Gestaltung des Lebens- und Lernortes Schule.<\/span><\/strong><\/p>\n<p>&nbsp;<\/p>\n<p><span style=\"text-decoration: underline\"><span style=\"font-size: 14pt;font-family: tahoma, arial, helvetica, sans-serif\">Zusammenleben:<\/span><\/span><\/p>\n<p><span style=\"font-size: 14pt;font-family: tahoma, arial, helvetica, sans-serif\">Jeder f\u00fchlt sich an unserer Schule angenommen.<\/span><\/p>\n<p><span style=\"font-size: 14pt;font-family: tahoma, arial, helvetica, sans-serif\">Wir sorgen durch unser Verhalten daf\u00fcr, dass sich jeder an unserer <\/span><span style=\"font-size: 14pt;font-family: tahoma, arial, helvetica, sans-serif\">Schule wohlf\u00fchlt.<\/span><\/p>\n<p><span style=\"font-size: 14pt;font-family: tahoma, arial, helvetica, sans-serif\">Der respektvolle Umgang ist uns wichtig, wir arbeiten eng und vertrauensvoll zusammen.<\/span><\/p>\n<p><span style=\"font-size: 14pt;font-family: tahoma, arial, helvetica, sans-serif\">Jeder akzeptiert die Schulregeln und befolgt sie.<\/span><\/p>\n<p><span style=\"font-size: 14pt;font-family: tahoma, arial, helvetica, sans-serif\">Probleme und Streitigkeiten l\u00f6sen wir gewaltfrei.<\/span><\/p>\n<p><span style=\"font-size: 14pt;font-family: tahoma, arial, helvetica, sans-serif\">Kommunikation und Kooperation sind wichtige Bestandteile unserer Arbeit.<\/span><\/p>\n<p><span style=\"font-size: 14pt;font-family: tahoma, arial, helvetica, sans-serif\">Unsere Arbeit ist transparent und \u00fcberpr\u00fcfbar.<\/span><\/p>\n<p><span style=\"font-size: 14pt;font-family: tahoma, arial, helvetica, sans-serif\">An unserer Schule arbeiten p\u00e4dagogisches und nichtp\u00e4dagogisches Personal, Sch\u00fclerinnen, Sch\u00fcler und Eltern eng und vertrauensvoll zusammen.<\/span><\/p>\n<p>&nbsp;<\/p>\n<p><span style=\"text-decoration: underline\"><span style=\"font-size: 14pt;font-family: tahoma, arial, helvetica, sans-serif\">Lernen in der Schule:<\/span><\/span><\/p>\n<p><span style=\"font-size: 14pt;font-family: tahoma, arial, helvetica, sans-serif\">Wir begr\u00fc\u00dfen jedes Kind herzlich und engagieren uns f\u00fcr sein Lernen und sein individuelles Vorankommen.<\/span><\/p>\n<p><span style=\"font-size: 14pt;font-family: tahoma, arial, helvetica, sans-serif\">Alle an der Schule Beteiligten tragen durch ihr Verhalten dazu bei, dass im Unterricht gemeinsam gearbeitet und gelernt wird. Dabei kann jeder seine F\u00e4higkeiten bestm\u00f6glich entwickeln.<\/span><\/p>\n<p><span style=\"font-size: 14pt;font-family: tahoma, arial, helvetica, sans-serif\">Wir unterst\u00fctzen die Kinder dabei, gute Lernleistungen zu erbringen.<\/span><\/p>\n<p><span style=\"font-size: 14pt;font-family: tahoma, arial, helvetica, sans-serif\">Jedes Kind wird gem\u00e4\u00df seinen M\u00f6glichkeiten gef\u00f6rdert und gefordert, in unseren Klassen wird Inklusion erfolgreich umgesetzt.<\/span><\/p>\n<p><span style=\"font-size: 14pt;font-family: tahoma, arial, helvetica, sans-serif\">Alle tragen dazu bei, dass das Lernen interessant ist.<\/span><\/p>\n<p><span style=\"font-size: 14pt;font-family: tahoma, arial, helvetica, sans-serif\">Wir wollen die Neugier eines jeden Kindes wecken und wach halten.<\/span><\/p>\n<p><span style=\"font-size: 14pt;font-family: tahoma, arial, helvetica, sans-serif\">Die Kinder werden im Lernprozess intensiv begleitet und langfristig zur Selbstst\u00e4ndigkeit gef\u00fchrt.<\/span><\/p>\n<p><span style=\"font-size: 14pt;font-family: tahoma, arial, helvetica, sans-serif\">Wir stellen eine verl\u00e4ssliche Werte- und Handlungs\u00fcbereinstimmung innerhalb der Schule her.<\/span><\/p>\n<p>&nbsp;<\/p>\n<p style=\"text-align: center\"><strong><span style=\"font-size: 14pt;font-family: tahoma, arial, helvetica, sans-serif\">Gemeinsam erreichen wir die Ziele, die jedem Einzelnen helfen und ihn nach vorne bringen!<\/span><\/strong><\/p>\n<p>&nbsp;<\/p>\n<p><span style=\"font-size: 14pt\"><strong>Arbeit am Leitbild im Sch\u00fclerrat<\/strong><\/span><\/p>\n<p><img loading=\"lazy\" decoding=\"async\" class=\"alignnone size-large wp-image-1566\" src=\"https:\/\/gtselbe.hamburg.de\/wp-content\/uploads\/sites\/13\/2022\/09\/20190917_133948-1024x768.jpg\" alt=\"\" width=\"525\" height=\"394\" srcset=\"https:\/\/gtselbe.hamburg.de\/wp-content\/uploads\/sites\/13\/2022\/09\/20190917_133948-1024x768.jpg 1024w, https:\/\/gtselbe.hamburg.de\/wp-content\/uploads\/sites\/13\/2022\/09\/20190917_133948-300x225.jpg 300w, https:\/\/gtselbe.hamburg.de\/wp-content\/uploads\/sites\/13\/2022\/09\/20190917_133948-768x576.jpg 768w, https:\/\/gtselbe.hamburg.de\/wp-content\/uploads\/sites\/13\/2022\/09\/20190917_133948-1536x1152.jpg 1536w, https:\/\/gtselbe.hamburg.de\/wp-content\/uploads\/sites\/13\/2022\/09\/20190917_133948.jpg 2048w\" sizes=\"auto, (max-width: 525px) 100vw, 525px\" \/> <img loading=\"lazy\" decoding=\"async\" class=\"alignnone size-large wp-image-1567\" src=\"https:\/\/gtselbe.hamburg.de\/wp-content\/uploads\/sites\/13\/2022\/09\/20190917_134001-1024x768.jpg\" alt=\"\" width=\"525\" height=\"394\" srcset=\"https:\/\/gtselbe.hamburg.de\/wp-content\/uploads\/sites\/13\/2022\/09\/20190917_134001-1024x768.jpg 1024w, https:\/\/gtselbe.hamburg.de\/wp-content\/uploads\/sites\/13\/2022\/09\/20190917_134001-300x225.jpg 300w, https:\/\/gtselbe.hamburg.de\/wp-content\/uploads\/sites\/13\/2022\/09\/20190917_134001-768x576.jpg 768w, https:\/\/gtselbe.hamburg.de\/wp-content\/uploads\/sites\/13\/2022\/09\/20190917_134001-1536x1152.jpg 1536w, https:\/\/gtselbe.hamburg.de\/wp-content\/uploads\/sites\/13\/2022\/09\/20190917_134001.jpg 2048w\" sizes=\"auto, (max-width: 525px) 100vw, 525px\" \/> <img loading=\"lazy\" decoding=\"async\" class=\"alignnone size-large wp-image-1568\" src=\"https:\/\/gtselbe.hamburg.de\/wp-content\/uploads\/sites\/13\/2022\/09\/20190917_134123-768x1024.jpg\" alt=\"\" width=\"525\" height=\"700\" srcset=\"https:\/\/gtselbe.hamburg.de\/wp-content\/uploads\/sites\/13\/2022\/09\/20190917_134123-768x1024.jpg 768w, https:\/\/gtselbe.hamburg.de\/wp-content\/uploads\/sites\/13\/2022\/09\/20190917_134123-225x300.jpg 225w, https:\/\/gtselbe.hamburg.de\/wp-content\/uploads\/sites\/13\/2022\/09\/20190917_134123-1152x1536.jpg 1152w, https:\/\/gtselbe.hamburg.de\/wp-content\/uploads\/sites\/13\/2022\/09\/20190917_134123.jpg 1536w\" sizes=\"auto, (max-width: 525px) 100vw, 525px\" \/> <img loading=\"lazy\" decoding=\"async\" class=\"alignnone size-large wp-image-1569\" src=\"https:\/\/gtselbe.hamburg.de\/wp-content\/uploads\/sites\/13\/2022\/09\/20190917_133926-1024x768.jpg\" alt=\"\" width=\"525\" height=\"394\" srcset=\"https:\/\/gtselbe.hamburg.de\/wp-content\/uploads\/sites\/13\/2022\/09\/20190917_133926-1024x768.jpg 1024w, https:\/\/gtselbe.hamburg.de\/wp-content\/uploads\/sites\/13\/2022\/09\/20190917_133926-300x225.jpg 300w, https:\/\/gtselbe.hamburg.de\/wp-content\/uploads\/sites\/13\/2022\/09\/20190917_133926-768x576.jpg 768w, https:\/\/gtselbe.hamburg.de\/wp-content\/uploads\/sites\/13\/2022\/09\/20190917_133926-1536x1152.jpg 1536w, https:\/\/gtselbe.hamburg.de\/wp-content\/uploads\/sites\/13\/2022\/09\/20190917_133926.jpg 2048w\" sizes=\"auto, (max-width: 525px) 100vw, 525px\" \/><\/p>\n","protected":false},"excerpt":{"rendered":"<p>Gemeinsam segeln wir zum Ziel! Wir sehen uns als eine Schulgemeinschaft, in der alle miteinander auf Augenh\u00f6he leben. Achtung und Toleranz sind die Leitlinien unseres Handelns. Alle an der Schule Beteiligten \u00fcbernehmen die Verantwortung f\u00fcr die Gestaltung des Lebens- und Lernortes Schule. &nbsp; Zusammenleben: Jeder f\u00fchlt sich an unserer Schule angenommen. Wir sorgen durch unser &hellip; <\/p>\n<p class=\"link-more\"><a href=\"https:\/\/gtselbe.hamburg.de\/?page_id=882\" class=\"more-link\"><span class=\"screen-reader-text\">\u201eLeitbild\u201c <\/span>weiterlesen<\/a><\/p>\n","protected":false},"author":8,"featured_media":0,"parent":0,"menu_order":0,"comment_status":"closed","ping_status":"closed","template":"","meta":{"_acf_changed":false,"footnotes":""},"class_list":["post-882","page","type-page","status-publish","hentry"],"acf":[],"_links":{"self":[{"href":"https:\/\/gtselbe.hamburg.de\/index.php?rest_route=\/wp\/v2\/pages\/882","targetHints":{"allow":["GET"]}}],"collection":[{"href":"https:\/\/gtselbe.hamburg.de\/index.php?rest_route=\/wp\/v2\/pages"}],"about":[{"href":"https:\/\/gtselbe.hamburg.de\/index.php?rest_route=\/wp\/v2\/types\/page"}],"author":[{"embeddable":true,"href":"https:\/\/gtselbe.hamburg.de\/index.php?rest_route=\/wp\/v2\/users\/8"}],"replies":[{"embeddable":true,"href":"https:\/\/gtselbe.hamburg.de\/index.php?rest_route=%2Fwp%2Fv2%2Fcomments&post=882"}],"version-history":[{"count":10,"href":"https:\/\/gtselbe.hamburg.de\/index.php?rest_route=\/wp\/v2\/pages\/882\/revisions"}],"predecessor-version":[{"id":1570,"href":"https:\/\/gtselbe.hamburg.de\/index.php?rest_route=\/wp\/v2\/pages\/882\/revisions\/1570"}],"wp:attachment":[{"href":"https:\/\/gtselbe.hamburg.de\/index.php?rest_route=%2Fwp%2Fv2%2Fmedia&parent=882"}],"curies":[{"name":"wp","href":"https:\/\/api.w.org\/{rel}","templated":true}]}}